CRAN Package Check Results for Package wpa

Last updated on 2022-05-24 20:53:33 CEST.

Flavor Version Tinstall Tcheck Ttotal Status Flags
r-devel-linux-x86_64-debian-clang 1.6.4 30.38 410.56 440.94 NOTE
r-devel-linux-x86_64-debian-gcc 1.6.4 24.04 290.32 314.36 NOTE
r-devel-linux-x86_64-fedora-clang 1.6.4 257.81 NOTE
r-devel-linux-x86_64-fedora-gcc 1.6.4 249.77 NOTE
r-devel-windows-x86_64 1.6.4 101.00 454.00 555.00 OK
r-patched-linux-x86_64 1.6.4 32.15 377.99 410.14 OK
r-release-linux-x86_64 1.6.4 OK
r-release-macos-arm64 1.6.4 121.00 OK
r-release-macos-x86_64 1.6.4 208.00 OK
r-release-windows-x86_64 1.6.4 98.00 471.00 569.00 OK
r-oldrel-macos-arm64 1.6.4 118.00 OK
r-oldrel-macos-x86_64 1.6.4 158.00 OK
r-oldrel-windows-ix86+x86_64 1.6.4 54.00 445.00 499.00 OK

Additional issues

donttest

Check Details

Version: 1.6.4
Check: package dependencies
Result: NOTE
    Package suggested but not available for checking: 'portes'
Flavors: r-devel-linux-x86_64-debian-clang, r-devel-linux-x86_64-debian-gcc, r-devel-linux-x86_64-fedora-clang, r-devel-linux-x86_64-fedora-gcc