CRAN Package Check Results for Package wpp2010

Last updated on 2022-01-25 10:53:34 CET.

Flavor Version Tinstall Tcheck Ttotal Status Flags
r-devel-linux-x86_64-debian-clang 1.2-0 2.40 33.34 35.74 NOTE
r-devel-linux-x86_64-debian-gcc 1.2-0 1.51 26.33 27.84 NOTE
r-devel-linux-x86_64-fedora-clang 1.2-0 43.97 NOTE
r-devel-linux-x86_64-fedora-gcc 1.2-0 33.63 NOTE
r-devel-windows-x86_64-new-UL 1.2-0 34.00 67.00 101.00 NOTE
r-devel-windows-x86_64-new-TK 1.2-0 NOTE
r-patched-linux-x86_64 1.2-0 2.47 32.04 34.51 NOTE
r-release-linux-x86_64 1.2-0 1.70 32.19 33.89 NOTE
r-release-macos-arm64 1.2-0 NOTE
r-release-macos-x86_64 1.2-0 NOTE
r-release-windows-ix86+x86_64 1.2-0 6.00 30.00 36.00 NOTE
r-oldrel-macos-x86_64 1.2-0 NOTE
r-oldrel-windows-ix86+x86_64 1.2-0 6.00 31.00 37.00 NOTE

Check Details

Version: 1.2-0
Check: DESCRIPTION meta-information
Result: NOTE
    Malformed Description field: should contain one or more complete sentences.
Flavors: r-devel-linux-x86_64-debian-clang, r-devel-linux-x86_64-debian-gcc, r-devel-linux-x86_64-fedora-clang, r-devel-linux-x86_64-fedora-gcc, r-devel-windows-x86_64-new-UL, r-devel-windows-x86_64-new-TK, r-patched-linux-x86_64, r-release-linux-x86_64, r-release-macos-arm64, r-release-macos-x86_64, r-release-windows-ix86+x86_64, r-oldrel-macos-x86_64, r-oldrel-windows-ix86+x86_64

Version: 1.2-0
Check: installed package size
Result: NOTE
     installed size is 6.7Mb
     sub-directories of 1Mb or more:
     data 6.6Mb
Flavors: r-devel-linux-x86_64-fedora-clang, r-devel-windows-x86_64-new-UL, r-release-macos-arm64, r-release-macos-x86_64, r-release-windows-ix86+x86_64, r-oldrel-macos-x86_64, r-oldrel-windows-ix86+x86_64