Last updated on 2023-12-09 15:52:41 CET.
Flavor | Version | Tinstall | Tcheck | Ttotal | Status | Flags |
---|---|---|---|---|---|---|
r-devel-linux-x86_64-debian-clang | 1.2-0 | 2.52 | 26.14 | 28.66 | NOTE | |
r-devel-linux-x86_64-debian-gcc | 1.2-0 | 1.72 | 21.21 | 22.93 | NOTE | |
r-devel-linux-x86_64-fedora-clang | 1.2-0 | 36.32 | NOTE | |||
r-devel-linux-x86_64-fedora-gcc | 1.2-0 | 35.11 | NOTE | |||
r-devel-windows-x86_64 | 1.2-0 | 4.00 | 49.00 | 53.00 | NOTE | |
r-patched-linux-x86_64 | 1.2-0 | 2.88 | 26.43 | 29.31 | NOTE | |
r-release-linux-x86_64 | 1.2-0 | 2.22 | 26.38 | 28.60 | NOTE | |
r-release-macos-arm64 | 1.2-0 | 19.00 | NOTE | |||
r-release-macos-x86_64 | 1.2-0 | 25.00 | NOTE | |||
r-release-windows-x86_64 | 1.2-0 | 4.00 | 48.00 | 52.00 | NOTE | |
r-oldrel-macos-arm64 | 1.2-0 | 19.00 | NOTE | |||
r-oldrel-macos-x86_64 | 1.2-0 | 23.00 | NOTE | |||
r-oldrel-windows-x86_64 | 1.2-0 | 7.00 | 56.00 | 63.00 | NOTE |
Version: 1.2-0
Check: DESCRIPTION meta-information
Result: NOTE
Malformed Description field: should contain one or more complete sentences.
Flavors: r-devel-linux-x86_64-debian-clang, r-devel-linux-x86_64-debian-gcc, r-devel-linux-x86_64-fedora-clang, r-devel-linux-x86_64-fedora-gcc, r-devel-windows-x86_64, r-patched-linux-x86_64, r-release-linux-x86_64, r-release-macos-arm64, r-release-macos-x86_64, r-release-windows-x86_64, r-oldrel-macos-arm64, r-oldrel-macos-x86_64, r-oldrel-windows-x86_64
Version: 1.2-0
Check: installed package size
Result: NOTE
installed size is 6.7Mb
sub-directories of 1Mb or more:
data 6.6Mb
Flavors: r-devel-linux-x86_64-fedora-clang, r-devel-windows-x86_64, r-release-macos-arm64, r-release-macos-x86_64, r-release-windows-x86_64, r-oldrel-macos-arm64, r-oldrel-macos-x86_64, r-oldrel-windows-x86_64