CRAN Package Check Results for Package wpp2015

Last updated on 2023-12-08 23:55:49 CET.

Flavor Version Tinstall Tcheck Ttotal Status Flags
r-devel-linux-x86_64-debian-clang 1.1-2 2.32 44.73 47.05 OK
r-devel-linux-x86_64-debian-gcc 1.1-2 2.32 35.19 37.51 OK
r-devel-linux-x86_64-fedora-clang 1.1-2 59.60 NOTE
r-devel-linux-x86_64-fedora-gcc 1.1-2 57.24 OK
r-devel-windows-x86_64 1.1-2 6.00 68.00 74.00 NOTE
r-patched-linux-x86_64 1.1-2 2.96 44.16 47.12 OK
r-release-linux-x86_64 1.1-2 3.17 43.89 47.06 OK
r-release-macos-arm64 1.1-2 28.00 NOTE
r-release-macos-x86_64 1.1-2 37.00 NOTE
r-release-windows-x86_64 1.1-2 6.00 71.00 77.00 NOTE
r-oldrel-macos-arm64 1.1-2 25.00 NOTE
r-oldrel-macos-x86_64 1.1-2 36.00 NOTE
r-oldrel-windows-x86_64 1.1-2 7.00 73.00 80.00 NOTE

Check Details

Version: 1.1-2
Check: installed package size
Result: NOTE installed size is 11.4Mb sub-directories of 1Mb or more: data 11.3Mb Flavors: r-devel-linux-x86_64-fedora-clang, r-devel-windows-x86_64, r-release-macos-arm64, r-release-macos-x86_64, r-release-windows-x86_64, r-oldrel-macos-arm64, r-oldrel-macos-x86_64, r-oldrel-windows-x86_64