CRAN Package Check Results for Package wpp2015

Last updated on 2019-08-20 05:47:20 CEST.

Flavor Version Tinstall Tcheck Ttotal Status Flags
r-devel-linux-x86_64-debian-clang 1.1-2 2.81 37.18 39.99 OK
r-devel-linux-x86_64-debian-gcc 1.1-2 2.30 30.44 32.74 OK
r-devel-linux-x86_64-fedora-clang 1.1-2 47.00 NOTE
r-devel-linux-x86_64-fedora-gcc 1.1-2 53.15 OK
r-devel-windows-ix86+x86_64 1.1-2 11.00 122.00 133.00 NOTE
r-patched-linux-x86_64 1.1-2 2.58 37.22 39.80 OK
r-patched-solaris-x86 1.1-2 83.40 NOTE
r-release-linux-x86_64 1.1-2 2.47 37.68 40.15 OK
r-release-windows-ix86+x86_64 1.1-2 7.00 58.00 65.00 NOTE
r-release-osx-x86_64 1.1-2 NOTE
r-oldrel-windows-ix86+x86_64 1.1-2 8.00 45.00 53.00 NOTE
r-oldrel-osx-x86_64 1.1-2 NOTE

Check Details

Version: 1.1-2
Check: installed package size
Result: NOTE
     installed size is 11.4Mb
     sub-directories of 1Mb or more:
     data 11.2Mb
Flavors: r-devel-linux-x86_64-fedora-clang, r-devel-windows-ix86+x86_64, r-patched-solaris-x86, r-release-windows-ix86+x86_64, r-release-osx-x86_64, r-oldrel-windows-ix86+x86_64, r-oldrel-osx-x86_64