Last updated on 2023-01-30 04:52:37 CET.
Flavor | Version | Tinstall | Tcheck | Ttotal | Status | Flags |
---|---|---|---|---|---|---|
r-devel-linux-x86_64-debian-clang | 1.2-3 | 3.26 | 58.38 | 61.64 | OK | |
r-devel-linux-x86_64-debian-gcc | 1.2-3 | 2.75 | 45.72 | 48.47 | OK | |
r-devel-linux-x86_64-fedora-clang | 1.2-3 | 74.53 | NOTE | |||
r-devel-linux-x86_64-fedora-gcc | 1.2-3 | 68.65 | OK | |||
r-devel-windows-x86_64 | 1.2-3 | 40.00 | 109.00 | 149.00 | NOTE | |
r-patched-linux-x86_64 | 1.2-3 | 4.08 | 56.53 | 60.61 | OK | |
r-release-linux-x86_64 | 1.2-3 | 2.85 | 56.89 | 59.74 | OK | |
r-release-macos-arm64 | 1.2-3 | 27.00 | NOTE | |||
r-release-macos-x86_64 | 1.2-3 | 44.00 | NOTE | |||
r-release-windows-x86_64 | 1.2-3 | 34.00 | 106.00 | 140.00 | NOTE | |
r-oldrel-macos-arm64 | 1.2-3 | 76.00 | NOTE | |||
r-oldrel-macos-x86_64 | 1.2-3 | 135.00 | NOTE | |||
r-oldrel-windows-ix86+x86_64 | 1.2-3 | 10.00 | 82.00 | 92.00 | NOTE |
Version: 1.2-3
Check: installed package size
Result: NOTE
installed size is 11.6Mb
sub-directories of 1Mb or more:
data 11.5Mb
Flavors: r-devel-linux-x86_64-fedora-clang, r-devel-windows-x86_64, r-release-macos-arm64, r-release-macos-x86_64, r-release-windows-x86_64, r-oldrel-macos-arm64, r-oldrel-macos-x86_64, r-oldrel-windows-ix86+x86_64