CRAN Package Check Results for Package wpp2019

Last updated on 2021-10-21 23:50:31 CEST.

Flavor Version Tinstall Tcheck Ttotal Status Flags
r-devel-linux-x86_64-debian-clang 1.1-1 3.04 44.02 47.06 OK
r-devel-linux-x86_64-debian-gcc 1.1-1 2.42 34.60 37.02 OK
r-devel-linux-x86_64-fedora-clang 1.1-1 65.89 NOTE
r-devel-linux-x86_64-fedora-gcc 1.1-1 55.81 OK
r-devel-windows-x86_64 1.1-1 8.00 54.00 62.00 NOTE
r-devel-windows-x86_64-gcc10-UCRT 1.1-1 OK
r-patched-linux-x86_64 1.1-1 2.78 42.69 45.47 OK
r-patched-solaris-x86 1.1-1 91.10 NOTE
r-release-linux-x86_64 1.1-1 2.41 43.48 45.89 OK
r-release-macos-arm64 1.1-1 NOTE
r-release-macos-x86_64 1.1-1 NOTE
r-release-windows-ix86+x86_64 1.1-1 7.00 65.00 72.00 NOTE
r-oldrel-macos-x86_64 1.1-1 NOTE
r-oldrel-windows-ix86+x86_64 1.1-1 9.00 65.00 74.00 NOTE

Check Details

Version: 1.1-1
Check: installed package size
Result: NOTE
     installed size is 11.4Mb
     sub-directories of 1Mb or more:
     data 11.3Mb
Flavors: r-devel-linux-x86_64-fedora-clang, r-devel-windows-x86_64, r-patched-solaris-x86, r-release-macos-arm64, r-release-macos-x86_64, r-release-windows-ix86+x86_64, r-oldrel-macos-x86_64, r-oldrel-windows-ix86+x86_64