CRAN Package Check Results for Package wrMisc

Last updated on 2020-07-13 13:49:06 CEST.

Flavor Version Tinstall Tcheck Ttotal Status Flags
r-devel-linux-x86_64-debian-clang 1.2.4 14.71 89.88 104.59 OK
r-devel-linux-x86_64-debian-gcc 1.2.4 12.00 68.52 80.52 OK
r-devel-linux-x86_64-fedora-clang 1.2.4 134.17 OK
r-devel-linux-x86_64-fedora-gcc 1.2.4 131.41 OK
r-devel-windows-ix86+x86_64 1.2.4 30.00 152.00 182.00 OK
r-patched-linux-x86_64 1.2.4 14.56 89.83 104.39 OK
r-patched-solaris-x86 1.2.4 153.20 OK
r-release-linux-x86_64 1.2.4 14.71 90.07 104.78 OK
r-release-macos-x86_64 1.2.4 ERROR
r-release-windows-ix86+x86_64 1.2.4 29.00 120.00 149.00 OK
r-oldrel-macos-x86_64 1.2.4 OK
r-oldrel-windows-ix86+x86_64 1.2.4 26.00 149.00 175.00 OK

Check Details

Version: 1.2.4
Check: whether package can be installed
Result: ERROR
    Installation failed.
Flavor: r-release-macos-x86_64