Last updated on 2023-11-28 10:53:47 CET.
Flavor | Version | Tinstall | Tcheck | Ttotal | Status | Flags |
---|---|---|---|---|---|---|
r-devel-linux-x86_64-debian-clang | 1.10.1 | 17.70 | 224.98 | 242.68 | NOTE | |
r-devel-linux-x86_64-debian-gcc | 1.10.1 | 14.31 | 164.18 | 178.49 | NOTE | |
r-devel-linux-x86_64-fedora-clang | 1.10.1 | 301.10 | NOTE | |||
r-devel-linux-x86_64-fedora-gcc | 1.10.1 | 305.67 | OK | |||
r-devel-windows-x86_64 | 1.10.1 | 16.00 | 198.00 | 214.00 | NOTE | |
r-patched-linux-x86_64 | 1.10.1 | 20.16 | 215.13 | 235.29 | OK | |
r-release-linux-x86_64 | 1.10.1 | 16.50 | 217.60 | 234.10 | OK | |
r-release-macos-arm64 | 1.10.1 | 91.00 | NOTE | |||
r-release-macos-x86_64 | 1.10.1 | 214.00 | NOTE | |||
r-release-windows-x86_64 | 1.10.1 | 22.00 | 228.00 | 250.00 | NOTE | |
r-oldrel-macos-arm64 | 1.10.1 | 87.00 | NOTE | |||
r-oldrel-macos-x86_64 | 1.10.1 | 124.00 | NOTE | |||
r-oldrel-windows-x86_64 | 1.10.1 | 23.00 | 218.00 | 241.00 | NOTE |
Version: 1.10.1
Check: Rd files
Result: NOTE
checkRd: (-1) getUPS1acc.Rd:17: Lost braces
17 | This function allows accessing their accession-numbers and associated Names on href{https://www.uniprot.org/}{UniProt}
| ^
checkRd: (-1) getUPS1acc.Rd:17: Lost braces
17 | This function allows accessing their accession-numbers and associated Names on href{https://www.uniprot.org/}{UniProt}
| ^
checkRd: (-1) getUPS1acc.Rd:12: Lost braces
12 | and associated Names (\code{uniProt}) on href{https://www.uniprot.org/}{UniProt} as well as the species designation for the collection of 48 human UPS-1 proteins.
| ^
checkRd: (-1) getUPS1acc.Rd:12: Lost braces
12 | and associated Names (\code{uniProt}) on href{https://www.uniprot.org/}{UniProt} as well as the species designation for the collection of 48 human UPS-1 proteins.
| ^
checkRd: (-1) readDiaNNFile.Rd:85: Lost braces
85 | This function allows importing protein identification and quantification results from \href{https://github.com/vdemichev/DiaNN}{DIA-NN}, see also \doi{10.1038/s41592-019-0638-x}{Demichev et al, 2020}.
| ^
checkRd: (-1) readDiaNNPeptides.Rd:85: Lost braces
85 | This function allows importing peptide identification and quantification results from \href{https://github.com/vdemichev/DiaNN}{DiaNN}, see also \doi{10.1038/s41592-019-0638-x}{Demichev et al, 2020}.
| ^
Flavors: r-devel-linux-x86_64-debian-clang, r-devel-linux-x86_64-debian-gcc
Version: 1.10.1
Check: installed package size
Result: NOTE
installed size is 6.9Mb
sub-directories of 1Mb or more:
doc 3.5Mb
extdata 2.5Mb
Flavors: r-devel-linux-x86_64-fedora-clang, r-devel-windows-x86_64, r-release-macos-arm64, r-release-macos-x86_64, r-release-windows-x86_64, r-oldrel-macos-arm64, r-oldrel-macos-x86_64, r-oldrel-windows-x86_64
Version: 1.10.1
Check: package dependencies
Result: NOTE
Package suggested but not available for checking: ‘ROTS’
Flavors: r-release-macos-arm64, r-release-macos-x86_64, r-oldrel-macos-arm64, r-oldrel-macos-x86_64