CRAN Package Check Results for Package wrassp

Last updated on 2020-02-18 01:52:13 CET.

Flavor Version Tinstall Tcheck Ttotal Status Flags
r-devel-linux-x86_64-debian-clang 0.1.9 22.86 51.84 74.70 OK
r-devel-linux-x86_64-debian-gcc 0.1.9 14.33 40.24 54.57 OK
r-devel-linux-x86_64-fedora-clang 0.1.9 96.30 OK
r-devel-linux-x86_64-fedora-gcc 0.1.9 85.65 OK
r-devel-windows-ix86+x86_64 0.1.9 68.00 109.00 177.00 OK
r-devel-windows-ix86+x86_64-gcc8 0.1.8 82.00 98.00 180.00 WARN
r-patched-linux-x86_64 0.1.9 15.60 47.93 63.53 OK
r-patched-solaris-x86 0.1.9 115.20 OK
r-release-linux-x86_64 0.1.8 14.46 42.06 56.52 OK
r-release-windows-ix86+x86_64 0.1.8 62.00 95.00 157.00 OK
r-release-osx-x86_64 0.1.9 OK
r-oldrel-windows-ix86+x86_64 0.1.9 85.00 102.00 187.00 OK
r-oldrel-osx-x86_64 0.1.9 OK

Check Details

Version: 0.1.8
Check: whether package can be installed
Result: WARN
    Found the following significant warnings:
     assp/dsputils.c:414:13: warning: value computed is not used [-Wunused-value]
Flavor: r-devel-windows-ix86+x86_64-gcc8