CRAN Package Check Results for Package wrassp

Last updated on 2019-09-18 03:47:53 CEST.

Flavor Version Tinstall Tcheck Ttotal Status Flags
r-devel-linux-x86_64-debian-clang 0.1.8 19.68 40.47 60.15 WARN
r-devel-linux-x86_64-debian-gcc 0.1.8 12.81 32.54 45.35 WARN
r-devel-linux-x86_64-fedora-clang 0.1.8 79.49 OK
r-devel-linux-x86_64-fedora-gcc 0.1.8 73.72 WARN
r-devel-windows-ix86+x86_64 0.1.8 84.00 93.00 177.00 WARN
r-patched-linux-x86_64 0.1.8 13.78 40.50 54.28 OK
r-patched-solaris-x86 0.1.8 109.00 OK
r-release-linux-x86_64 0.1.8 14.50 40.46 54.96 OK
r-release-windows-ix86+x86_64 0.1.8 64.00 133.00 197.00 OK
r-release-osx-x86_64 0.1.8 OK
r-oldrel-windows-ix86+x86_64 0.1.8 80.00 89.00 169.00 OK
r-oldrel-osx-x86_64 0.1.8 OK

Check Details

Version: 0.1.8
Check: whether package can be installed
Result: WARN
    Found the following significant warnings:
     assp/labelobj.c:165:3: warning: ignoring return value of function declared with 'warn_unused_result' attribute [-Wunused-result]
Flavor: r-devel-linux-x86_64-debian-clang

Version: 0.1.8
Check: whether package can be installed
Result: WARN
    Found the following significant warnings:
     assp/dsputils.c:414:13: warning: value computed is not used [-Wunused-value]
     assp/labelobj.c:165:3: warning: ignoring return value of ‘fread’, declared with attribute warn_unused_result [-Wunused-result]
Flavors: r-devel-linux-x86_64-debian-gcc, r-devel-linux-x86_64-fedora-gcc

Version: 0.1.8
Check: whether package can be installed
Result: WARN
    Found the following significant warnings:
     assp/dsputils.c:414:13: warning: value computed is not used [-Wunused-value]
Flavor: r-devel-windows-ix86+x86_64