CRAN Package Check Results for Package wrswoR

Last updated on 2020-08-12 20:47:18 CEST.

Flavor Version Tinstall Tcheck Ttotal Status Flags
r-devel-linux-x86_64-debian-clang 1.1.1 19.95 29.26 49.21 NOTE
r-devel-linux-x86_64-debian-gcc 1.1.1 14.59 23.05 37.64 OK
r-devel-linux-x86_64-fedora-clang 1.1.1 73.86 OK
r-devel-linux-x86_64-fedora-gcc 1.1.1 60.11 OK
r-devel-windows-ix86+x86_64 1.1.1 61.00 94.00 155.00 OK
r-patched-linux-x86_64 1.1.1 15.25 29.51 44.76 OK
r-patched-solaris-x86 1.1.1 79.20 OK
r-release-linux-x86_64 1.1.1 15.42 29.19 44.61 NOTE
r-release-macos-x86_64 1.1.1 OK
r-release-windows-ix86+x86_64 1.1.1 62.00 73.00 135.00 OK
r-oldrel-macos-x86_64 1.1.1 OK
r-oldrel-windows-ix86+x86_64 1.1.1 41.00 67.00 108.00 OK

Check Details

Version: 1.1.1
Check: package dependencies
Result: NOTE
    Package suggested but not available for checking: 'tidyr'
Flavors: r-devel-linux-x86_64-debian-clang, r-release-linux-x86_64