CRAN Package Check Results for Package wru

Last updated on 2021-09-20 06:49:24 CEST.

Flavor Version Tinstall Tcheck Ttotal Status Flags
r-devel-linux-x86_64-debian-clang 0.1-12 21.04 69.12 90.16 OK
r-devel-linux-x86_64-debian-gcc 0.1-12 20.20 51.49 71.69 OK
r-devel-linux-x86_64-fedora-clang 0.1-12 121.63 OK
r-devel-linux-x86_64-fedora-gcc 0.1-12 110.22 OK
r-devel-windows-x86_64 0.1-12 25.00 66.00 91.00 OK
r-devel-windows-x86_64-gcc10-UCRT 0.1-12 ERROR
r-patched-linux-x86_64 0.1-12 22.96 66.34 89.30 OK
r-patched-solaris-x86 0.1-12 169.50 OK
r-release-linux-x86_64 0.1-12 22.13 66.71 88.84 OK
r-release-macos-arm64 0.1-12 OK
r-release-macos-x86_64 0.1-12 OK
r-release-windows-ix86+x86_64 0.1-12 39.00 64.00 103.00 OK
r-oldrel-macos-x86_64 0.1-12 OK
r-oldrel-windows-ix86+x86_64 0.1-12 36.00 66.00 102.00 OK

Check Details

Version: 0.1-12
Check: whether package can be installed
Result: WARN
    Found the following significant warnings:
     WARNING: installation-time patches will not be applied, could not get the patches index
Flavor: r-devel-windows-x86_64-gcc10-UCRT

Version: 0.1-12
Check: PDF version of manual
Result: WARN
    LaTeX errors when creating PDF version.
    This typically indicates Rd problems.
Flavor: r-devel-windows-x86_64-gcc10-UCRT

Version: 0.1-12
Check: PDF version of manual without hyperrefs or index
Result: ERROR
    Re-running with no redirection of stdout/stderr.
Flavor: r-devel-windows-x86_64-gcc10-UCRT