CRAN Package Check Results for Package wsrf

Last updated on 2021-08-03 05:00:07 CEST.

Flavor Version Tinstall Tcheck Ttotal Status Flags
r-devel-linux-x86_64-debian-clang 1.7.21 89.52 42.26 131.78 OK
r-devel-linux-x86_64-debian-gcc 1.7.21 61.14 33.80 94.94 OK
r-devel-linux-x86_64-fedora-clang 1.7.21 202.41 OK
r-devel-linux-x86_64-fedora-gcc 1.7.21 172.07 OK
r-devel-windows-x86_64 1.7.21 94.00 80.00 174.00 OK
r-devel-windows-x86_64-gcc10-UCRT 1.7.21 OK
r-patched-linux-x86_64 1.7.21 75.04 41.47 116.51 OK
r-patched-solaris-x86 1.7.21 174.00 OK
r-release-linux-x86_64 1.7.21 71.58 41.19 112.77 OK
r-release-macos-arm64 1.7.21 NOTE
r-release-macos-x86_64 1.7.21 OK
r-release-windows-ix86+x86_64 1.7.21 209.00 80.00 289.00 OK
r-oldrel-macos-x86_64 1.7.21 OK
r-oldrel-windows-ix86+x86_64 1.7.21 173.00 109.00 282.00 OK

Check Details

Version: 1.7.21
Check: installed package size
Result: NOTE
     installed size is 5.7Mb
     sub-directories of 1Mb or more:
     libs 5.5Mb
Flavor: r-release-macos-arm64