CRAN Package Check Results for Package wyz.code.offensiveProgramming

Last updated on 2019-09-21 05:48:08 CEST.

Flavor Version Tinstall Tcheck Ttotal Status Flags
r-devel-linux-x86_64-debian-clang 1.1.9 4.73 48.99 53.72 OK
r-devel-linux-x86_64-debian-gcc 1.1.9 3.89 38.40 42.29 OK
r-devel-linux-x86_64-fedora-clang 1.1.9 60.68 NOTE
r-devel-linux-x86_64-fedora-gcc 1.1.9 58.06 NOTE
r-devel-windows-ix86+x86_64 1.1.9 21.00 58.00 79.00 OK
r-patched-linux-x86_64 1.1.9 3.58 44.54 48.12 OK
r-patched-solaris-x86 1.1.9 82.40 NOTE
r-release-linux-x86_64 1.1.9 3.99 44.86 48.85 OK
r-release-windows-ix86+x86_64 1.1.9 8.00 52.00 60.00 OK
r-release-osx-x86_64 1.1.9 NOTE
r-oldrel-windows-ix86+x86_64 1.1.9 6.00 56.00 62.00 OK
r-oldrel-osx-x86_64 1.1.9 NOTE

Check Details

Version: 1.1.9
Check: dependencies in R code
Result: NOTE
    Namespace in Imports field not imported from: ‘R6’
     All declared Imports should be used.
Flavors: r-devel-linux-x86_64-fedora-clang, r-devel-linux-x86_64-fedora-gcc, r-patched-solaris-x86, r-release-osx-x86_64, r-oldrel-osx-x86_64