CRAN Package Check Results for Package x13binary

Last updated on 2018-06-20 12:49:01 CEST.

Flavor Version Tinstall Tcheck Ttotal Status Flags
r-devel-linux-x86_64-debian-clang 1.1.39-1 1.96 17.95 19.91 OK
r-devel-linux-x86_64-debian-gcc 1.1.39-1 1.68 14.16 15.84 OK
r-devel-linux-x86_64-fedora-clang 1.1.39-1 23.72 NOTE
r-devel-linux-x86_64-fedora-gcc 1.1.39-1 21.92 OK
r-devel-windows-ix86+x86_64 1.1.39-1 8.00 29.00 37.00 OK
r-patched-linux-x86_64 1.1.39-1 1.79 16.59 18.38 OK
r-patched-solaris-x86 1.1.39-1 34.10 OK
r-release-linux-x86_64 1.1.39-1 1.95 16.83 18.78 OK
r-release-windows-ix86+x86_64 1.1.39-1 8.00 28.00 36.00 OK
r-release-osx-x86_64 1.1.39-1 NOTE
r-oldrel-windows-ix86+x86_64 1.1.39-1 7.00 27.00 34.00 OK
r-oldrel-osx-x86_64 1.1.39-1 NOTE

Check Details

Version: 1.1.39-1
Check: installed package size
Result: NOTE
     installed size is 5.6Mb
     sub-directories of 1Mb or more:
     bin 5.4Mb
Flavors: r-devel-linux-x86_64-fedora-clang, r-release-osx-x86_64, r-oldrel-osx-x86_64