Last updated on 2023-03-29 04:51:35 CEST.
Flavor | Version | Tinstall | Tcheck | Ttotal | Status | Flags |
---|---|---|---|---|---|---|
r-devel-linux-x86_64-debian-clang | 1.1.57-3 | 3.45 | 23.23 | 26.68 | OK | |
r-devel-linux-x86_64-debian-gcc | 1.1.57-3 | 2.33 | 17.94 | 20.27 | OK | |
r-devel-linux-x86_64-fedora-clang | 1.1.57-3 | 35.25 | NOTE | |||
r-devel-linux-x86_64-fedora-gcc | 1.1.57-3 | 33.12 | OK | |||
r-patched-linux-x86_64 | 1.1.57-3 | 3.25 | 22.40 | 25.65 | OK | |
r-release-linux-x86_64 | 1.1.57-3 | 2.79 | 23.78 | 26.57 | OK | |
r-release-macos-arm64 | 1.1.57-3 | 19.00 | NOTE | |||
r-release-macos-x86_64 | 1.1.57-3 | 25.00 | NOTE | |||
r-release-windows-x86_64 | 1.1.57-3 | 8.00 | 44.00 | 52.00 | OK | |
r-oldrel-macos-arm64 | 1.1.57-3 | 20.00 | NOTE | |||
r-oldrel-macos-x86_64 | 1.1.57-3 | 25.00 | NOTE | |||
r-oldrel-windows-ix86+x86_64 | 1.1.57-3 | 7.00 | 34.00 | 41.00 | OK |
Version: 1.1.57-3
Check: installed package size
Result: NOTE
installed size is 5.8Mb
sub-directories of 1Mb or more:
bin 5.7Mb
Flavors: r-devel-linux-x86_64-fedora-clang, r-release-macos-arm64, r-release-macos-x86_64, r-oldrel-macos-arm64, r-oldrel-macos-x86_64