CRAN Package Check Results for Package x13binary

Last updated on 2018-09-22 20:46:46 CEST.

Flavor Version Tinstall Tcheck Ttotal Status Flags
r-devel-linux-x86_64-debian-clang 1.1.39-1 2.03 18.03 20.06 OK
r-devel-linux-x86_64-debian-gcc 1.1.39-1 1.74 14.59 16.33 OK
r-devel-linux-x86_64-fedora-clang 1.1.39-1 24.12 NOTE
r-devel-linux-x86_64-fedora-gcc 1.1.39-1 22.57 OK
r-devel-windows-ix86+x86_64 1.1.39-1 7.00 27.00 34.00 OK
r-patched-linux-x86_64 1.1.39-1 1.78 16.66 18.44 OK
r-patched-solaris-x86 1.1.39-1 34.00 OK
r-release-linux-x86_64 1.1.39-1 1.91 16.91 18.82 OK
r-release-windows-ix86+x86_64 1.1.39-1 8.00 28.00 36.00 OK
r-release-osx-x86_64 1.1.39-1 NOTE
r-oldrel-windows-ix86+x86_64 1.1.39-1 7.00 27.00 34.00 OK
r-oldrel-osx-x86_64 1.1.39-1 NOTE

Check Details

Version: 1.1.39-1
Check: installed package size
Result: NOTE
     installed size is 5.6Mb
     sub-directories of 1Mb or more:
     bin 5.4Mb
Flavors: r-devel-linux-x86_64-fedora-clang, r-release-osx-x86_64, r-oldrel-osx-x86_64