CRAN Package Check Results for Package x13binary

Last updated on 2020-11-25 11:49:22 CET.

Flavor Version Tinstall Tcheck Ttotal Status Flags
r-devel-linux-x86_64-debian-clang 1.1.39-2 2.76 24.77 27.53 NOTE
r-devel-linux-x86_64-debian-gcc 1.1.39-2 1.99 19.82 21.81 NOTE
r-devel-linux-x86_64-fedora-clang 1.1.39-2 36.98 NOTE
r-devel-linux-x86_64-fedora-gcc 1.1.39-2 26.54 NOTE
r-devel-windows-ix86+x86_64 1.1.39-2 6.00 31.00 37.00 NOTE
r-patched-linux-x86_64 1.1.39-2 2.82 27.70 30.52 NOTE
r-patched-solaris-x86 1.1.39-2 39.30 NOTE
r-release-linux-x86_64 1.1.39-2 2.70 24.24 26.94 NOTE
r-release-macos-x86_64 1.1.39-2 NOTE
r-release-windows-ix86+x86_64 1.1.39-2 5.00 25.00 30.00 NOTE
r-oldrel-macos-x86_64 1.1.39-2 NOTE
r-oldrel-windows-ix86+x86_64 1.1.39-2 7.00 40.00 47.00 NOTE

Check Details

Version: 1.1.39-2
Check: whether package can be installed
Result: NOTE
    Found the following notes/warnings:
     Non-staged installation was used
Flavors: r-devel-linux-x86_64-debian-clang, r-devel-linux-x86_64-debian-gcc, r-devel-linux-x86_64-fedora-clang, r-devel-linux-x86_64-fedora-gcc, r-devel-windows-ix86+x86_64, r-patched-linux-x86_64, r-patched-solaris-x86, r-release-linux-x86_64, r-release-macos-x86_64, r-release-windows-ix86+x86_64, r-oldrel-macos-x86_64, r-oldrel-windows-ix86+x86_64

Version: 1.1.39-2
Check: installed package size
Result: NOTE
     installed size is 5.6Mb
     sub-directories of 1Mb or more:
     bin 5.4Mb
Flavors: r-devel-linux-x86_64-fedora-clang, r-release-macos-x86_64, r-oldrel-macos-x86_64

Version: 1.1.39-2
Check: top-level files
Result: NOTE
    ‘configure’: /bin/bash is not portable
Flavors: r-devel-linux-x86_64-fedora-clang, r-devel-linux-x86_64-fedora-gcc