CRAN Package Check Results for Package x13binary

Last updated on 2017-11-19 01:51:30.

Flavor Version Tinstall Tcheck Ttotal Status Flags
r-devel-linux-x86_64-debian-clang 1.1.39-1 4.26 11.25 15.51 OK
r-devel-linux-x86_64-debian-gcc 1.1.39-1 4.01 11.94 15.95 OK
r-devel-linux-x86_64-fedora-clang 1.1.39-1 20.52 NOTE
r-devel-linux-x86_64-fedora-gcc 1.1.39-1 19.60 NOTE
r-devel-windows-ix86+x86_64 1.1.39-1 9.00 25.00 34.00 OK
r-patched-linux-x86_64 1.1.39-1 3.00 11.89 14.88 OK
r-patched-solaris-x86 1.1.39-1 28.50 OK
r-release-linux-x86_64 1.1.39-1 2.96 11.47 14.43 OK
r-release-windows-ix86+x86_64 1.1.39-1 7.00 27.00 34.00 OK
r-release-osx-x86_64 1.1.39-1 NOTE
r-oldrel-windows-ix86+x86_64 1.1.39-1 6.00 23.00 29.00 OK
r-oldrel-osx-x86_64 1.1.39-1 NOTE

Check Details

Version: 1.1.39-1
Check: installed package size
Result: NOTE
     installed size is 5.6Mb
     sub-directories of 1Mb or more:
     bin 5.4Mb
Flavors: r-devel-linux-x86_64-fedora-clang, r-devel-linux-x86_64-fedora-gcc, r-release-osx-x86_64, r-oldrel-osx-x86_64