CRAN Package Check Results for Package x13binary

Last updated on 2021-09-24 18:49:55 CEST.

Flavor Version Tinstall Tcheck Ttotal Status Flags
r-devel-linux-x86_64-debian-clang 1.1.57-2 2.54 23.40 25.94 OK
r-devel-linux-x86_64-debian-gcc 1.1.57-2 2.35 18.30 20.65 OK
r-devel-linux-x86_64-fedora-clang 1.1.57-2 41.81 NOTE
r-devel-linux-x86_64-fedora-gcc 1.1.57-2 30.96 OK
r-devel-windows-x86_64 1.1.57-2 6.00 28.00 34.00 OK
r-devel-windows-x86_64-gcc10-UCRT 1.1.57-2 OK
r-patched-linux-x86_64 1.1.57-2 2.63 22.52 25.15 OK
r-patched-solaris-x86 1.1.57-2 4.90 ERROR
r-release-linux-x86_64 1.1.57-2 2.81 22.66 25.47 OK
r-release-macos-arm64 1.1.57-2 NOTE
r-release-macos-x86_64 1.1.57-2 NOTE
r-release-windows-ix86+x86_64 1.1.57-2 7.00 26.00 33.00 OK
r-oldrel-macos-x86_64 1.1.57-2 NOTE
r-oldrel-windows-ix86+x86_64 1.1.57-2 7.00 26.00 33.00 OK

Check Details

Version: 1.1.57-2
Check: installed package size
Result: NOTE
     installed size is 5.8Mb
     sub-directories of 1Mb or more:
     bin 5.7Mb
Flavors: r-devel-linux-x86_64-fedora-clang, r-release-macos-arm64, r-release-macos-x86_64, r-oldrel-macos-x86_64

Version: 1.1.57-2
Check: whether package can be installed
Result: ERROR
    Installation failed.
Flavor: r-patched-solaris-x86