CRAN Package Check Results for Package x13binary

Last updated on 2019-05-24 10:49:52 CEST.

Flavor Version Tinstall Tcheck Ttotal Status Flags
r-devel-linux-x86_64-debian-clang 1.1.39-2 2.22 17.18 19.40 NOTE
r-devel-linux-x86_64-debian-gcc 1.1.39-2 1.88 14.08 15.96 NOTE
r-devel-linux-x86_64-fedora-clang 1.1.39-2 24.13 NOTE
r-devel-linux-x86_64-fedora-gcc 1.1.39-2 22.36 NOTE
r-devel-windows-ix86+x86_64 1.1.39-2 10.00 27.00 37.00 NOTE
r-patched-linux-x86_64 1.1.39-2 2.08 16.59 18.67 ERROR
r-patched-solaris-x86 1.1.39-2 37.10 NOTE
r-release-linux-x86_64 1.1.39-2 2.08 18.21 20.29 NOTE
r-release-windows-ix86+x86_64 1.1.39-2 9.00 35.00 44.00 NOTE
r-release-osx-x86_64 1.1.39-2 NOTE
r-oldrel-windows-ix86+x86_64 1.1.39-2 6.00 26.00 32.00 OK
r-oldrel-osx-x86_64 1.1.39-2 NOTE

Check Details

Version: 1.1.39-2
Check: whether package can be installed
Result: NOTE
    Found the following notes/warnings:
     Non-staged installation was used
Flavors: r-devel-linux-x86_64-debian-clang, r-devel-linux-x86_64-debian-gcc, r-devel-linux-x86_64-fedora-clang, r-devel-linux-x86_64-fedora-gcc, r-devel-windows-ix86+x86_64, r-patched-linux-x86_64, r-patched-solaris-x86, r-release-linux-x86_64, r-release-windows-ix86+x86_64, r-release-osx-x86_64

Version: 1.1.39-2
Check: installed package size
Result: NOTE
     installed size is 5.6Mb
     sub-directories of 1Mb or more:
     bin 5.4Mb
Flavors: r-devel-linux-x86_64-fedora-clang, r-release-osx-x86_64, r-oldrel-osx-x86_64

Version: 1.1.39-2
Check: examples
Result: ERROR
    Running examples in ‘x13binary-Ex.R’ failed
    The error most likely occurred in:
    
    > base::assign(".ptime", proc.time(), pos = "CheckExEnv")
    > ### Name: checkX13binary
    > ### Title: Check if X-13ARIMA-SEATS Runs Properly
    > ### Aliases: checkX13binary
    >
    > ### ** Examples
    >
    > checkX13binary()
    Error in checkX13binary() : X-13 binary file not found
    Execution halted
Flavor: r-patched-linux-x86_64

Version: 1.1.39-2
Check: tests
Result: ERROR
     Running ‘simpleTest.R’ [0s/1s]
    Running the tests in ‘tests/simpleTest.R’ failed.
    Complete output:
     > x13binary::checkX13binary()
     Error in x13binary::checkX13binary() : X-13 binary file not found
     Execution halted
Flavor: r-patched-linux-x86_64