CRAN Package Check Results for Package x13binary

Last updated on 2018-01-18 10:48:49 CET.

Flavor Version Tinstall Tcheck Ttotal Status Flags
r-devel-linux-x86_64-debian-clang 1.1.39-1 1.74 15.96 17.70 OK
r-devel-linux-x86_64-debian-gcc 1.1.39-1 1.51 13.64 15.15 OK
r-devel-linux-x86_64-fedora-clang 1.1.39-1 22.33 NOTE
r-devel-linux-x86_64-fedora-gcc 1.1.39-1 20.76 NOTE
r-devel-windows-ix86+x86_64 1.1.39-1 7.00 38.00 45.00 OK
r-patched-linux-x86_64 1.1.39-1 1.77 15.66 17.43 OK
r-patched-solaris-x86 1.1.39-1 32.50 OK
r-release-linux-x86_64 1.1.39-1 1.76 15.70 17.46 OK
r-release-windows-ix86+x86_64 1.1.39-1 7.00 27.00 34.00 OK
r-release-osx-x86_64 1.1.39-1 NOTE
r-oldrel-windows-ix86+x86_64 1.1.39-1 6.00 23.00 29.00 OK
r-oldrel-osx-x86_64 1.1.39-1 NOTE

Check Details

Version: 1.1.39-1
Check: installed package size
Result: NOTE
     installed size is 5.6Mb
     sub-directories of 1Mb or more:
     bin 5.4Mb
Flavors: r-devel-linux-x86_64-fedora-clang, r-devel-linux-x86_64-fedora-gcc, r-release-osx-x86_64, r-oldrel-osx-x86_64