CRAN Package Check Results for Package x13binary

Last updated on 2019-02-23 12:00:47 CET.

Flavor Version Tinstall Tcheck Ttotal Status Flags
r-devel-linux-x86_64-debian-clang 1.1.39-1 2.22 17.88 20.10 OK
r-devel-linux-x86_64-debian-gcc 1.1.39-1 1.75 14.41 16.16 OK
r-devel-linux-x86_64-fedora-clang 1.1.39-1 25.29 NOTE
r-devel-linux-x86_64-fedora-gcc 1.1.39-1 23.71 OK
r-devel-windows-ix86+x86_64 1.1.39-1 8.00 30.00 38.00 OK
r-patched-linux-x86_64 1.1.39-1 1.67 16.75 18.42 OK
r-patched-solaris-x86 1.1.39-1 34.60 OK
r-release-linux-x86_64 1.1.39-1 OK
r-release-windows-ix86+x86_64 1.1.39-1 6.00 29.00 35.00 OK
r-release-osx-x86_64 1.1.39-1 NOTE
r-oldrel-windows-ix86+x86_64 1.1.39-1 6.00 38.00 44.00 OK
r-oldrel-osx-x86_64 1.1.39-1 NOTE

Check Details

Version: 1.1.39-1
Check: installed package size
Result: NOTE
     installed size is 5.6Mb
     sub-directories of 1Mb or more:
     bin 5.4Mb
Flavors: r-devel-linux-x86_64-fedora-clang, r-release-osx-x86_64, r-oldrel-osx-x86_64