CRAN Package Check Results for Package x13binary

Last updated on 2018-12-14 15:51:41 CET.

Flavor Version Tinstall Tcheck Ttotal Status Flags
r-devel-linux-x86_64-debian-clang 1.1.39-1 1.80 18.07 19.87 OK
r-devel-linux-x86_64-debian-gcc 1.1.39-1 1.65 14.21 15.86 OK
r-devel-linux-x86_64-fedora-clang 1.1.39-1 23.43 NOTE
r-devel-linux-x86_64-fedora-gcc 1.1.39-1 22.41 OK
r-devel-windows-ix86+x86_64 1.1.39-1 9.00 29.00 38.00 OK
r-patched-linux-x86_64 1.1.39-1 1.70 16.85 18.55 OK
r-patched-solaris-x86 1.1.39-1 35.40 OK
r-release-linux-x86_64 1.1.39-1 1.82 17.17 18.99 OK
r-release-windows-ix86+x86_64 1.1.39-1 8.00 28.00 36.00 OK
r-release-osx-x86_64 1.1.39-1 NOTE
r-oldrel-windows-ix86+x86_64 1.1.39-1 6.00 38.00 44.00 OK
r-oldrel-osx-x86_64 1.1.39-1 NOTE

Check Details

Version: 1.1.39-1
Check: installed package size
Result: NOTE
     installed size is 5.6Mb
     sub-directories of 1Mb or more:
     bin 5.4Mb
Flavors: r-devel-linux-x86_64-fedora-clang, r-release-osx-x86_64, r-oldrel-osx-x86_64