CRAN Package Check Results for Package xRing

Last updated on 2019-03-26 11:54:54 CET.

Flavor Version Tinstall Tcheck Ttotal Status Flags
r-devel-linux-x86_64-debian-clang 0.1.0 12.99 100.93 113.92 OK
r-devel-linux-x86_64-debian-gcc 0.1.0 9.75 77.83 87.58 OK
r-devel-linux-x86_64-fedora-clang 0.1.0 149.21 NOTE
r-devel-linux-x86_64-fedora-gcc 0.1.0 132.68 NOTE
r-devel-windows-ix86+x86_64 0.1.0 32.00 148.00 180.00 OK
r-patched-linux-x86_64 0.1.0 9.72 93.29 103.01 OK
r-patched-solaris-x86 0.1.0 203.00 NOTE
r-release-linux-x86_64 0.1.0 8.33 90.17 98.50 OK
r-release-windows-ix86+x86_64 0.1.0 21.00 156.00 177.00 OK
r-release-osx-x86_64 0.1.0 NOTE
r-oldrel-windows-ix86+x86_64 0.1.0 14.00 140.00 154.00 OK
r-oldrel-osx-x86_64 0.1.0 NOTE

Check Details

Version: 0.1.0
Check: dependencies in R code
Result: NOTE
    Namespace in Imports field not imported from: ‘tcltk2’
     All declared Imports should be used.
Flavors: r-devel-linux-x86_64-fedora-clang, r-devel-linux-x86_64-fedora-gcc, r-patched-solaris-x86, r-release-osx-x86_64, r-oldrel-osx-x86_64