CRAN Package Check Results for Package xRing

Last updated on 2019-12-13 10:49:52 CET.

Flavor Version Tinstall Tcheck Ttotal Status Flags
r-devel-linux-x86_64-debian-clang 0.1.0 13.58 108.09 121.67 OK
r-devel-linux-x86_64-debian-gcc 0.1.0 11.65 82.40 94.05 OK
r-devel-linux-x86_64-fedora-clang 0.1.0 147.68 NOTE
r-devel-linux-x86_64-fedora-gcc 0.1.0 143.36 NOTE
r-devel-windows-ix86+x86_64 0.1.0 24.00 143.00 167.00 OK
r-devel-windows-ix86+x86_64-gcc8 0.1.0 24.00 152.00 176.00 OK
r-patched-linux-x86_64 0.1.0 10.98 97.41 108.39 OK
r-patched-solaris-x86 0.1.0 203.70 NOTE
r-release-linux-x86_64 0.1.0 13.14 96.96 110.10 OK
r-release-windows-ix86+x86_64 0.1.0 20.00 107.00 127.00 OK
r-release-osx-x86_64 0.1.0 FAIL
r-oldrel-windows-ix86+x86_64 0.1.0 13.00 102.00 115.00 OK
r-oldrel-osx-x86_64 0.1.0 NOTE

Check Details

Version: 0.1.0
Check: dependencies in R code
Result: NOTE
    Namespace in Imports field not imported from: ‘tcltk2’
     All declared Imports should be used.
Flavors: r-devel-linux-x86_64-fedora-clang, r-devel-linux-x86_64-fedora-gcc, r-patched-solaris-x86, r-oldrel-osx-x86_64

Version: 0.1.0
Check: whether package can be installed
Result: FAIL
Flavor: r-release-osx-x86_64