CRAN Package Check Results for Package xRing

Last updated on 2019-05-22 20:48:14 CEST.

Flavor Version Tinstall Tcheck Ttotal Status Flags
r-devel-linux-x86_64-debian-clang 0.1.0 12.70 99.84 112.54 OK
r-devel-linux-x86_64-debian-gcc 0.1.0 10.89 78.56 89.45 OK
r-devel-linux-x86_64-fedora-clang 0.1.0 147.20 NOTE
r-devel-linux-x86_64-fedora-gcc 0.1.0 131.90 NOTE
r-devel-windows-ix86+x86_64 0.1.0 21.00 153.00 174.00 OK
r-patched-linux-x86_64 0.1.0 13.19 99.48 112.67 OK
r-patched-solaris-x86 0.1.0 237.40 NOTE
r-release-linux-x86_64 0.1.0 14.77 100.09 114.86 OK
r-release-windows-ix86+x86_64 0.1.0 28.00 104.00 132.00 OK
r-release-osx-x86_64 0.1.0 FAIL
r-oldrel-windows-ix86+x86_64 0.1.0 13.00 102.00 115.00 OK
r-oldrel-osx-x86_64 0.1.0 NOTE

Check Details

Version: 0.1.0
Check: dependencies in R code
Result: NOTE
    Namespace in Imports field not imported from: ‘tcltk2’
     All declared Imports should be used.
Flavors: r-devel-linux-x86_64-fedora-clang, r-devel-linux-x86_64-fedora-gcc, r-patched-solaris-x86, r-oldrel-osx-x86_64

Version: 0.1.0
Check: whether package can be installed
Result: FAIL
    
Flavor: r-release-osx-x86_64