CRAN Package Check Results for Package xRing

Last updated on 2019-07-24 06:49:55 CEST.

Flavor Version Tinstall Tcheck Ttotal Status Flags
r-devel-linux-x86_64-debian-clang 0.1.0 12.12 98.79 110.91 OK
r-devel-linux-x86_64-debian-gcc 0.1.0 10.91 77.66 88.57 OK
r-devel-linux-x86_64-fedora-clang 0.1.0 140.94 NOTE
r-devel-linux-x86_64-fedora-gcc 0.1.0 149.24 NOTE
r-devel-windows-ix86+x86_64 0.1.0 19.00 101.00 120.00 OK
r-patched-linux-x86_64 0.1.0 12.77 99.28 112.05 OK
r-patched-solaris-x86 0.1.0 204.60 NOTE
r-release-linux-x86_64 0.1.0 12.83 99.57 112.40 OK
r-release-windows-ix86+x86_64 0.1.0 19.00 106.00 125.00 OK
r-release-osx-x86_64 0.1.0 FAIL
r-oldrel-windows-ix86+x86_64 0.1.0 19.00 125.00 144.00 OK
r-oldrel-osx-x86_64 0.1.0 NOTE

Check Details

Version: 0.1.0
Check: dependencies in R code
Result: NOTE
    Namespace in Imports field not imported from: ‘tcltk2’
     All declared Imports should be used.
Flavors: r-devel-linux-x86_64-fedora-clang, r-devel-linux-x86_64-fedora-gcc, r-patched-solaris-x86, r-oldrel-osx-x86_64

Version: 0.1.0
Check: whether package can be installed
Result: FAIL
    
Flavor: r-release-osx-x86_64