CRAN Package Check Results for Package xSub

Last updated on 2021-04-16 09:50:22 CEST.

Flavor Version Tinstall Tcheck Ttotal Status Flags
r-devel-linux-x86_64-debian-clang 3.0.1 6.99 44.78 51.77 OK
r-devel-linux-x86_64-debian-gcc 3.0.1 5.46 34.55 40.01 OK
r-devel-linux-x86_64-fedora-clang 3.0.1 73.83 NOTE
r-devel-linux-x86_64-fedora-gcc 3.0.1 61.77 NOTE
r-devel-windows-ix86+x86_64 3.0.1 16.00 56.00 72.00 OK
r-devel-windows-x86_64-gcc10-UCRT 3.0.1 NOTE
r-patched-linux-x86_64 3.0.1 6.46 44.62 51.08 OK
r-patched-solaris-x86 3.0.1 88.60 NOTE
r-release-linux-x86_64 3.0.1 6.04 44.70 50.74 OK
r-release-macos-x86_64 3.0.1 NOTE
r-release-windows-ix86+x86_64 3.0.1 15.00 66.00 81.00 OK
r-oldrel-macos-x86_64 3.0.1 NOTE
r-oldrel-windows-ix86+x86_64 3.0.1 10.00 63.00 73.00 OK

Check Details

Version: 3.0.1
Check: data for non-ASCII characters
Result: NOTE
     Note: found 268 marked UTF-8 strings
Flavors: r-devel-linux-x86_64-fedora-clang, r-devel-linux-x86_64-fedora-gcc, r-devel-windows-x86_64-gcc10-UCRT, r-patched-solaris-x86, r-release-macos-x86_64, r-oldrel-macos-x86_64