CRAN Package Check Results for Package xSub

Last updated on 2020-08-04 04:48:12 CEST.

Flavor Version Tinstall Tcheck Ttotal Status Flags
r-devel-linux-x86_64-debian-clang 3.0.1 6.20 42.82 49.02 OK
r-devel-linux-x86_64-debian-gcc 3.0.1 4.90 32.19 37.09 OK
r-devel-linux-x86_64-fedora-clang 3.0.1 69.85 NOTE
r-devel-linux-x86_64-fedora-gcc 3.0.1 57.64 NOTE
r-devel-windows-ix86+x86_64 3.0.1 23.00 51.00 74.00 OK
r-patched-linux-x86_64 3.0.1 6.13 41.35 47.48 OK
r-patched-solaris-x86 3.0.1 91.90 NOTE
r-release-linux-x86_64 3.0.1 5.45 41.18 46.63 OK
r-release-macos-x86_64 3.0.1 NOTE
r-release-windows-ix86+x86_64 3.0.1 24.00 75.00 99.00 OK
r-oldrel-macos-x86_64 3.0.1 NOTE
r-oldrel-windows-ix86+x86_64 3.0.1 13.00 59.00 72.00 OK

Check Details

Version: 3.0.1
Check: data for non-ASCII characters
Result: NOTE
     Note: found 268 marked UTF-8 strings
Flavors: r-devel-linux-x86_64-fedora-clang, r-devel-linux-x86_64-fedora-gcc, r-patched-solaris-x86, r-release-macos-x86_64, r-oldrel-macos-x86_64