CRAN Package Check Results for Package xSub

Last updated on 2019-05-27 09:50:40 CEST.

Flavor Version Tinstall Tcheck Ttotal Status Flags
r-devel-linux-x86_64-debian-clang 2.0.2 6.11 35.77 41.88 OK
r-devel-linux-x86_64-debian-gcc 2.0.2 4.67 28.01 32.68 OK
r-devel-linux-x86_64-fedora-clang 2.0.2 49.55 NOTE
r-devel-linux-x86_64-fedora-gcc 2.0.2 48.83 NOTE
r-devel-windows-ix86+x86_64 2.0.2 10.00 80.00 90.00 OK
r-patched-linux-x86_64 2.0.2 OK
r-patched-solaris-x86 2.0.2 81.70 NOTE
r-release-linux-x86_64 2.0.2 5.59 35.32 40.91 OK
r-release-windows-ix86+x86_64 2.0.2 16.00 48.00 64.00 OK
r-release-osx-x86_64 2.0.2 NOTE
r-oldrel-windows-ix86+x86_64 2.0.2 9.00 50.00 59.00 OK
r-oldrel-osx-x86_64 2.0.2 NOTE

Check Details

Version: 2.0.2
Check: data for non-ASCII characters
Result: NOTE
     Note: found 268 marked UTF-8 strings
Flavors: r-devel-linux-x86_64-fedora-clang, r-devel-linux-x86_64-fedora-gcc, r-patched-solaris-x86, r-release-osx-x86_64, r-oldrel-osx-x86_64