CRAN Package Check Results for Package xSub

Last updated on 2019-02-19 01:48:15 CET.

Flavor Version Tinstall Tcheck Ttotal Status Flags
r-devel-linux-x86_64-debian-clang 2.0.2 4.02 35.99 40.01 OK
r-devel-linux-x86_64-debian-gcc 2.0.2 3.77 27.96 31.73 OK
r-devel-linux-x86_64-fedora-clang 2.0.2 49.67 NOTE
r-devel-linux-x86_64-fedora-gcc 2.0.2 45.72 NOTE
r-devel-windows-ix86+x86_64 2.0.2 11.00 50.00 61.00 OK
r-patched-linux-x86_64 2.0.2 3.67 32.69 36.36 NOTE
r-patched-solaris-x86 2.0.2 73.10 NOTE
r-release-linux-x86_64 2.0.2 4.71 32.94 37.65 NOTE
r-release-windows-ix86+x86_64 2.0.2 6.00 74.00 80.00 OK
r-release-osx-x86_64 2.0.2 NOTE
r-oldrel-windows-ix86+x86_64 2.0.2 6.00 72.00 78.00 OK
r-oldrel-osx-x86_64 2.0.2 NOTE

Check Details

Version: 2.0.2
Check: data for non-ASCII characters
Result: NOTE
     Note: found 268 marked UTF-8 strings
Flavors: r-devel-linux-x86_64-fedora-clang, r-devel-linux-x86_64-fedora-gcc, r-patched-solaris-x86, r-release-osx-x86_64, r-oldrel-osx-x86_64

Version: 2.0.2
Check: DESCRIPTION meta-information
Result: NOTE
    Dependence on R version ‘3.3.2’ not with patchlevel 0
Flavors: r-patched-linux-x86_64, r-release-linux-x86_64