CRAN Package Check Results for Package xSub

Last updated on 2024-06-12 17:57:39 CEST.

Flavor Version Tinstall Tcheck Ttotal Status Flags
r-devel-linux-x86_64-debian-clang 3.0.2 8.76 53.77 62.53 OK
r-devel-linux-x86_64-debian-gcc 3.0.2 0.35 1.68 2.03 ERROR
r-devel-linux-x86_64-fedora-clang 3.0.2 76.11 NOTE
r-devel-linux-x86_64-fedora-gcc 3.0.2 71.06 NOTE
r-devel-windows-x86_64 3.0.2 8.00 58.00 66.00 OK
r-patched-linux-x86_64 3.0.2 5.36 50.92 56.28 OK
r-release-linux-x86_64 3.0.2 5.00 50.93 55.93 OK
r-release-macos-arm64 3.0.2 28.00 OK
r-release-macos-x86_64 3.0.2 35.00 OK
r-release-windows-x86_64 3.0.2 8.00 58.00 66.00 OK
r-oldrel-macos-arm64 3.0.2 26.00 OK
r-oldrel-macos-x86_64 3.0.2 41.00 OK
r-oldrel-windows-x86_64 3.0.2 10.00 64.00 74.00 OK

Check Details

Version: 3.0.2
Check: package dependencies
Result: ERROR Package required but not available: ‘haven’ See section ‘The DESCRIPTION file’ in the ‘Writing R Extensions’ manual. Flavor: r-devel-linux-x86_64-debian-gcc

Version: 3.0.2
Check: data for non-ASCII characters
Result: NOTE Note: found 268 marked UTF-8 strings Flavors: r-devel-linux-x86_64-fedora-clang, r-devel-linux-x86_64-fedora-gcc