CRAN Package Check Results for Package xbreed

Last updated on 2020-05-25 10:49:12 CEST.

Flavor Version Tinstall Tcheck Ttotal Status Flags
r-devel-linux-x86_64-debian-clang 1.0.1.1 21.20 77.38 98.58 NOTE
r-devel-linux-x86_64-debian-gcc 1.0.1.1 16.50 58.38 74.88 NOTE
r-devel-linux-x86_64-fedora-clang 1.0.1.1 128.83 NOTE
r-devel-linux-x86_64-fedora-gcc 1.0.1.1 120.43 NOTE
r-devel-windows-ix86+x86_64 1.0.1.1 44.00 127.00 171.00 OK
r-patched-linux-x86_64 1.0.1.1 21.32 77.93 99.25 NOTE
r-patched-solaris-x86 1.0.1.1 151.10 NOTE
r-release-linux-x86_64 1.0.1.1 21.04 77.33 98.37 NOTE
r-release-osx-x86_64 1.0.1.1 OK
r-release-windows-ix86+x86_64 1.0.1.1 36.00 129.00 165.00 OK
r-oldrel-osx-x86_64 1.0.1.1 OK
r-oldrel-windows-ix86+x86_64 1.0.1.1 36.00 125.00 161.00 OK

Check Details

Version: 1.0.1.1
Check: for non-standard things in the check directory
Result: NOTE
    Found the following files/directories:
     'RP2_data_1.txt' 'RP2_data_4.txt' 'RP2_qtl_1.txt' 'RP2_qtl_4.txt'
     'hp1_effect_qtl.txt' 'hp1_freq_mrk.txt' 'hp1_freq_qtl.txt'
     'hp1_genome.txt' 'hp1_last_hp_data.txt' 'hp1_lm_mrk.txt'
     'hp1_lm_qtl.txt' 'hp1_lm_qtl_mrk.txt' 'hp1_mrk.txt' 'hp1_qtl.txt'
     'hp2_effect_qtl.txt' 'hp2_freq_mrk.txt' 'hp2_freq_qtl.txt'
     'hp2_genome.txt' 'hp2_last_hp_data.txt' 'hp2_lm_mrk.txt'
     'hp2_lm_qtl.txt' 'hp2_lm_qtl_mrk.txt' 'hp2_mrk.txt' 'hp2_qtl.txt'
     'my_RP_data_1.txt' 'my_RP_data_4.txt' 'my_RP_mrk_1.txt'
     'my_RP_mrk_4.txt'
Flavors: r-devel-linux-x86_64-debian-clang, r-devel-linux-x86_64-debian-gcc, r-devel-linux-x86_64-fedora-clang, r-devel-linux-x86_64-fedora-gcc, r-patched-linux-x86_64, r-patched-solaris-x86, r-release-linux-x86_64