CRAN Package Check Results for Package xesreadR

Last updated on 2023-11-29 16:52:08 CET.

Flavor Version Tinstall Tcheck Ttotal Status Flags
r-devel-linux-x86_64-debian-clang 0.2.3 10.64 79.28 89.92 NOTE
r-devel-linux-x86_64-debian-gcc 0.2.3 8.38 59.12 67.50 NOTE
r-devel-linux-x86_64-fedora-clang 0.2.3 111.64 NOTE
r-devel-linux-x86_64-fedora-gcc 0.2.3 114.03 NOTE
r-devel-windows-x86_64 0.2.3 10.00 74.00 84.00 NOTE
r-patched-linux-x86_64 0.2.3 9.61 72.18 81.79 NOTE
r-release-linux-x86_64 0.2.3 8.54 73.30 81.84 NOTE
r-release-macos-arm64 0.2.3 36.00 NOTE
r-release-macos-x86_64 0.2.3 58.00 NOTE
r-release-windows-x86_64 0.2.3 14.00 132.00 146.00 NOTE
r-oldrel-macos-arm64 0.2.3 31.00 NOTE
r-oldrel-macos-x86_64 0.2.3 52.00 NOTE
r-oldrel-windows-x86_64 0.2.3 14.00 85.00 99.00 NOTE

Check Details

Version: 0.2.3
Check: LazyData
Result: NOTE 'LazyData' is specified without a 'data' directory Flavors: r-devel-linux-x86_64-debian-clang, r-devel-linux-x86_64-debian-gcc, r-devel-linux-x86_64-fedora-clang, r-devel-linux-x86_64-fedora-gcc, r-devel-windows-x86_64, r-patched-linux-x86_64, r-release-linux-x86_64, r-release-macos-arm64, r-release-macos-x86_64, r-release-windows-x86_64, r-oldrel-macos-arm64, r-oldrel-macos-x86_64, r-oldrel-windows-x86_64