CRAN Package Check Results for Package xgb2sql

Last updated on 2025-01-18 15:03:08 CET.

Flavor Version Tinstall Tcheck Ttotal Status Flags
r-devel-linux-x86_64-debian-clang 0.1.2 2.49 34.48 36.97 NOTE
r-devel-linux-x86_64-debian-gcc 0.1.2 1.54 26.68 28.22 NOTE
r-devel-linux-x86_64-fedora-clang 0.1.2 63.59 NOTE
r-devel-linux-x86_64-fedora-gcc 0.1.2 71.35 NOTE
r-devel-windows-x86_64 0.1.2 3.00 55.00 58.00 OK
r-patched-linux-x86_64 0.1.2 2.33 32.14 34.47 NOTE
r-release-linux-x86_64 0.1.2 2.12 31.69 33.81 NOTE
r-release-macos-arm64 0.1.2 27.00 NOTE
r-release-macos-x86_64 0.1.2 41.00 NOTE
r-release-windows-x86_64 0.1.2 4.00 60.00 64.00 NOTE
r-oldrel-macos-arm64 0.1.2 30.00 NOTE
r-oldrel-macos-x86_64 0.1.2 45.00 NOTE
r-oldrel-windows-x86_64 0.1.2 3.00 58.00 61.00 NOTE

Check Details

Version: 0.1.2
Check: for non-standard things in the check directory
Result: NOTE Found the following files/directories: ‘xgb.txt’ Flavors: r-devel-linux-x86_64-debian-clang, r-devel-linux-x86_64-debian-gcc, r-devel-linux-x86_64-fedora-clang, r-devel-linux-x86_64-fedora-gcc, r-patched-linux-x86_64, r-release-linux-x86_64

Version: 0.1.2
Check: LazyData
Result: NOTE 'LazyData' is specified without a 'data' directory Flavors: r-patched-linux-x86_64, r-release-linux-x86_64, r-release-macos-arm64, r-release-macos-x86_64, r-release-windows-x86_64, r-oldrel-macos-arm64, r-oldrel-macos-x86_64, r-oldrel-windows-x86_64