Last updated on 2022-06-26 20:51:54 CEST.
Flavor | Version | Tinstall | Tcheck | Ttotal | Status | Flags |
---|---|---|---|---|---|---|
r-devel-linux-x86_64-debian-clang | 1.6.0.1 | 421.16 | 344.43 | 765.59 | NOTE | |
r-devel-linux-x86_64-debian-gcc | 1.6.0.1 | 246.55 | 248.43 | 494.98 | NOTE | |
r-devel-linux-x86_64-fedora-clang | 1.6.0.1 | 1195.50 | NOTE | |||
r-devel-linux-x86_64-fedora-gcc | 1.6.0.1 | 762.32 | NOTE | |||
r-devel-windows-x86_64 | 1.6.0.1 | 338.00 | 401.00 | 739.00 | NOTE | |
r-patched-linux-x86_64 | 1.6.0.1 | 271.23 | 300.94 | 572.17 | NOTE | |
r-release-linux-x86_64 | 1.6.0.1 | 267.66 | 306.16 | 573.82 | NOTE | |
r-release-macos-arm64 | 1.6.0.1 | 183.00 | NOTE | |||
r-release-macos-x86_64 | 1.6.0.1 | 253.00 | NOTE | |||
r-release-windows-x86_64 | 1.6.0.1 | 296.00 | 397.00 | 693.00 | NOTE | |
r-oldrel-macos-arm64 | 1.6.0.1 | 185.00 | NOTE | |||
r-oldrel-macos-x86_64 | 1.6.0.1 | 254.00 | NOTE | |||
r-oldrel-windows-ix86+x86_64 | 1.6.0.1 | 554.00 | 528.00 | 1082.00 | NOTE |
Version: 1.6.0.1
Check: for GNU extensions in Makefiles
Result: NOTE
GNU make is a SystemRequirements.
Flavors: r-devel-linux-x86_64-debian-clang, r-devel-linux-x86_64-debian-gcc, r-devel-linux-x86_64-fedora-clang, r-devel-linux-x86_64-fedora-gcc, r-devel-windows-x86_64, r-patched-linux-x86_64, r-release-linux-x86_64, r-release-macos-arm64, r-release-macos-x86_64, r-release-windows-x86_64, r-oldrel-macos-arm64, r-oldrel-macos-x86_64, r-oldrel-windows-ix86+x86_64
Version: 1.6.0.1
Check: installed package size
Result: NOTE
installed size is 30.5Mb
sub-directories of 1Mb or more:
libs 29.6Mb
Flavors: r-devel-linux-x86_64-fedora-clang, r-release-macos-arm64, r-release-macos-x86_64, r-oldrel-macos-arm64, r-oldrel-macos-x86_64, r-oldrel-windows-ix86+x86_64