CRAN Package Check Results for Package xgboost

Last updated on 2021-03-01 15:47:45 CET.

Flavor Version Tinstall Tcheck Ttotal Status Flags
r-devel-linux-x86_64-debian-clang 1.3.2.1 NOTE
r-devel-linux-x86_64-debian-gcc 1.3.2.1 190.14 200.82 390.96 NOTE
r-devel-linux-x86_64-fedora-clang 1.3.2.1 613.49 NOTE
r-devel-linux-x86_64-fedora-gcc 1.3.2.1 586.54 NOTE
r-devel-windows-ix86+x86_64 1.3.2.1 306.00 301.00 607.00 NOTE
r-patched-linux-x86_64 1.3.2.1 207.34 234.24 441.58 NOTE
r-patched-solaris-x86 1.3.2.1 630.10 NOTE
r-release-linux-x86_64 1.3.2.1 203.73 239.86 443.59 NOTE
r-release-macos-x86_64 1.3.2.1 NOTE
r-release-windows-ix86+x86_64 1.3.2.1 317.00 454.00 771.00 NOTE
r-oldrel-macos-x86_64 1.3.2.1 NOTE
r-oldrel-windows-ix86+x86_64 1.3.2.1 308.00 349.00 657.00 NOTE

Check Details

Version: 1.3.2.1
Check: for GNU extensions in Makefiles
Result: NOTE
    GNU make is a SystemRequirements.
Flavors: r-devel-linux-x86_64-debian-clang, r-devel-linux-x86_64-debian-gcc, r-devel-linux-x86_64-fedora-clang, r-devel-linux-x86_64-fedora-gcc, r-devel-windows-ix86+x86_64, r-patched-linux-x86_64, r-patched-solaris-x86, r-release-linux-x86_64, r-release-macos-x86_64, r-release-windows-ix86+x86_64, r-oldrel-macos-x86_64, r-oldrel-windows-ix86+x86_64

Version: 1.3.2.1
Check: installed package size
Result: NOTE
     installed size is 40.2Mb
     sub-directories of 1Mb or more:
     libs 39.4Mb
Flavors: r-devel-linux-x86_64-fedora-clang, r-devel-windows-ix86+x86_64, r-release-macos-x86_64, r-release-windows-ix86+x86_64, r-oldrel-macos-x86_64, r-oldrel-windows-ix86+x86_64