CRAN Package Check Results for Package xgboost

Last updated on 2021-05-17 16:48:42 CEST.

Flavor Version Tinstall Tcheck Ttotal Status Flags
r-devel-linux-x86_64-debian-clang 1.4.1.1 206.72 264.32 471.04 NOTE
r-devel-linux-x86_64-debian-gcc 1.4.1.1 209.27 232.06 441.33 NOTE
r-devel-linux-x86_64-fedora-clang 1.4.1.1 652.32 NOTE
r-devel-linux-x86_64-fedora-gcc 1.4.1.1 621.22 NOTE
r-devel-windows-ix86+x86_64 1.4.1.1 432.00 314.00 746.00 NOTE
r-devel-windows-x86_64-gcc10-UCRT 1.4.1.1 NOTE
r-patched-linux-x86_64 1.4.1.1 230.47 233.03 463.50 NOTE
r-patched-solaris-x86 1.4.1.1 686.40 NOTE
r-release-linux-x86_64 1.4.1.1 228.29 221.29 449.58 NOTE
r-release-macos-x86_64 1.4.1.1 NOTE
r-release-windows-ix86+x86_64 1.4.1.1 312.00 298.00 610.00 NOTE
r-oldrel-macos-x86_64 1.4.1.1 NOTE
r-oldrel-windows-ix86+x86_64 1.4.1.1 369.00 409.00 778.00 NOTE

Check Details

Version: 1.4.1.1
Check: for GNU extensions in Makefiles
Result: NOTE
    GNU make is a SystemRequirements.
Flavors: r-devel-linux-x86_64-debian-clang, r-devel-linux-x86_64-debian-gcc, r-devel-linux-x86_64-fedora-clang, r-devel-linux-x86_64-fedora-gcc, r-devel-windows-ix86+x86_64, r-devel-windows-x86_64-gcc10-UCRT, r-patched-linux-x86_64, r-patched-solaris-x86, r-release-linux-x86_64, r-release-macos-x86_64, r-release-windows-ix86+x86_64, r-oldrel-macos-x86_64, r-oldrel-windows-ix86+x86_64

Version: 1.4.1.1
Check: installed package size
Result: NOTE
     installed size is 33.5Mb
     sub-directories of 1Mb or more:
     libs 32.6Mb
Flavors: r-devel-linux-x86_64-fedora-clang, r-devel-windows-ix86+x86_64, r-release-macos-x86_64, r-release-windows-ix86+x86_64, r-oldrel-macos-x86_64, r-oldrel-windows-ix86+x86_64