CRAN Package Check Results for Package xgboost

Last updated on 2022-11-27 11:20:07 CET.

Flavor Version Tinstall Tcheck Ttotal Status Flags
r-devel-linux-x86_64-debian-clang 1.6.0.1 272.46 353.79 626.25 WARN
r-devel-linux-x86_64-debian-gcc 1.6.0.1 248.95 262.62 511.57 WARN
r-devel-linux-x86_64-fedora-clang 1.6.0.1 743.93 WARN
r-devel-linux-x86_64-fedora-gcc 1.6.0.1 893.22 WARN
r-devel-windows-x86_64 1.6.0.1 291.00 397.00 688.00 NOTE
r-patched-linux-x86_64 1.6.0.1 262.50 321.45 583.95 NOTE
r-release-linux-x86_64 1.6.0.1 262.29 326.05 588.34 NOTE
r-release-macos-arm64 1.6.0.1 183.00 NOTE
r-release-macos-x86_64 1.6.0.1 253.00 NOTE
r-release-windows-x86_64 1.6.0.1 325.00 406.00 731.00 NOTE
r-oldrel-macos-arm64 1.6.0.1 185.00 NOTE
r-oldrel-macos-x86_64 1.6.0.1 254.00 NOTE
r-oldrel-windows-ix86+x86_64 1.6.0.1 556.00 517.00 1073.00 NOTE

Check Details

Version: 1.6.0.1
Check: whether package can be installed
Result: WARN
    Found the following significant warnings:
     init.c:51:33: warning: a function declaration without a prototype is deprecated in all versions of C [-Wstrict-prototypes]
Flavors: r-devel-linux-x86_64-debian-clang, r-devel-linux-x86_64-fedora-clang

Version: 1.6.0.1
Check: for GNU extensions in Makefiles
Result: NOTE
    GNU make is a SystemRequirements.
Flavors: r-devel-linux-x86_64-debian-clang, r-devel-linux-x86_64-debian-gcc, r-devel-linux-x86_64-fedora-clang, r-devel-linux-x86_64-fedora-gcc, r-devel-windows-x86_64, r-patched-linux-x86_64, r-release-linux-x86_64, r-release-macos-arm64, r-release-macos-x86_64, r-release-windows-x86_64, r-oldrel-macos-arm64, r-oldrel-macos-x86_64, r-oldrel-windows-ix86+x86_64

Version: 1.6.0.1
Check: whether package can be installed
Result: WARN
    Found the following significant warnings:
     init.c:51:1: warning: function declaration isn’t a prototype [-Wstrict-prototypes]
Flavors: r-devel-linux-x86_64-debian-gcc, r-devel-linux-x86_64-fedora-gcc

Version: 1.6.0.1
Check: installed package size
Result: NOTE
     installed size is 5.2Mb
     sub-directories of 1Mb or more:
     libs 4.3Mb
Flavors: r-devel-linux-x86_64-fedora-clang, r-release-macos-arm64, r-release-macos-x86_64, r-oldrel-macos-arm64, r-oldrel-macos-x86_64, r-oldrel-windows-ix86+x86_64