CRAN Package Check Results for Package xlink

Last updated on 2023-01-26 23:00:31 CET.

Flavor Version Tinstall Tcheck Ttotal Status Flags
r-devel-linux-x86_64-debian-clang 1.0.1 10.30 79.00 89.30 NOTE
r-devel-linux-x86_64-debian-gcc 1.0.1 6.99 59.59 66.58 NOTE
r-devel-linux-x86_64-fedora-clang 1.0.1 105.57 NOTE
r-devel-linux-x86_64-fedora-gcc 1.0.1 117.84 NOTE
r-patched-linux-x86_64 1.0.1 7.72 76.19 83.91 OK
r-release-linux-x86_64 1.0.1 7.45 76.30 83.75 OK
r-release-macos-arm64 1.0.1 33.00 OK
r-release-macos-x86_64 1.0.1 49.00 OK
r-release-windows-x86_64 1.0.1 17.00 104.00 121.00 OK
r-oldrel-macos-arm64 1.0.1 39.00 OK
r-oldrel-macos-x86_64 1.0.1 64.00 OK
r-oldrel-windows-ix86+x86_64 1.0.1 19.00 100.00 119.00 OK

Check Details

Version: 1.0.1
Check: package subdirectories
Result: NOTE
    Problems with news in ‘NEWS.md’:
    No news entries found.
Flavors: r-devel-linux-x86_64-debian-clang, r-devel-linux-x86_64-debian-gcc, r-devel-linux-x86_64-fedora-clang, r-devel-linux-x86_64-fedora-gcc