CRAN Package Check Results for Package xlink

Last updated on 2022-10-04 05:50:47 CEST.

Flavor Version Tinstall Tcheck Ttotal Status Flags
r-devel-linux-x86_64-debian-clang 1.0.1 7.54 77.87 85.41 NOTE
r-devel-linux-x86_64-debian-gcc 1.0.1 6.96 60.63 67.59 NOTE
r-devel-linux-x86_64-fedora-clang 1.0.1 118.60 NOTE
r-devel-linux-x86_64-fedora-gcc 1.0.1 112.20 NOTE
r-devel-windows-x86_64 1.0.1 13.00 105.00 118.00 NOTE
r-patched-linux-x86_64 1.0.1 9.77 74.85 84.62 OK
r-release-linux-x86_64 1.0.1 8.58 74.83 83.41 OK
r-release-macos-arm64 1.0.1 33.00 OK
r-release-macos-x86_64 1.0.1 49.00 OK
r-release-windows-x86_64 1.0.1 15.00 102.00 117.00 OK
r-oldrel-macos-arm64 1.0.1 39.00 OK
r-oldrel-macos-x86_64 1.0.1 64.00 OK
r-oldrel-windows-ix86+x86_64 1.0.1 19.00 103.00 122.00 OK

Check Details

Version: 1.0.1
Check: package subdirectories
Result: NOTE
    Problems with news in 'NEWS.md':
    No news entries found.
Flavors: r-devel-linux-x86_64-debian-clang, r-devel-linux-x86_64-debian-gcc, r-devel-linux-x86_64-fedora-clang, r-devel-linux-x86_64-fedora-gcc, r-devel-windows-x86_64