CRAN Package Check Results for Package xlsxjars

Last updated on 2020-04-04 00:50:27 CEST.

Flavor Version Tinstall Tcheck Ttotal Status Flags
r-devel-linux-x86_64-debian-clang 0.6.1 3.90 26.44 30.34 OK
r-devel-linux-x86_64-debian-gcc 0.6.1 3.13 21.12 24.25 OK
r-devel-linux-x86_64-fedora-clang 0.6.1 37.12 NOTE
r-devel-linux-x86_64-fedora-gcc 0.6.1 36.97 OK
r-devel-windows-ix86+x86_64 0.6.1 10.00 57.00 67.00 NOTE
r-devel-windows-ix86+x86_64-gcc8 0.6.1 9.00 42.00 51.00 NOTE
r-patched-linux-x86_64 0.6.1 3.38 25.94 29.32 OK
r-patched-solaris-x86 0.6.1 66.20 NOTE
r-release-linux-x86_64 0.6.1 3.38 23.81 27.19 OK
r-release-windows-ix86+x86_64 0.6.1 8.00 40.00 48.00 NOTE
r-release-osx-x86_64 0.6.1 NOTE
r-oldrel-windows-ix86+x86_64 0.6.1 6.00 39.00 45.00 NOTE
r-oldrel-osx-x86_64 0.6.1 NOTE

Check Details

Version: 0.6.1
Check: installed package size
Result: NOTE
     installed size is 10.8Mb
     sub-directories of 1Mb or more:
     java 10.7Mb
Flavors: r-devel-linux-x86_64-fedora-clang, r-devel-windows-ix86+x86_64, r-devel-windows-ix86+x86_64-gcc8, r-patched-solaris-x86, r-release-windows-ix86+x86_64, r-release-osx-x86_64, r-oldrel-windows-ix86+x86_64, r-oldrel-osx-x86_64