CRAN Package Check Results for Package xlsxjars

Last updated on 2023-02-06 21:55:03 CET.

Flavor Version Tinstall Tcheck Ttotal Status Flags
r-devel-linux-x86_64-debian-clang 0.6.1 4.02 32.22 36.24 OK
r-devel-linux-x86_64-debian-gcc 0.6.1 2.46 24.33 26.79 OK
r-devel-linux-x86_64-fedora-clang 0.6.1 44.59 NOTE
r-devel-linux-x86_64-fedora-gcc 0.6.1 46.51 OK
r-devel-windows-x86_64 0.6.1 14.00 57.00 71.00 NOTE
r-patched-linux-x86_64 0.6.1 4.23 32.50 36.73 OK
r-release-linux-x86_64 0.6.1 4.21 32.64 36.85 OK
r-release-macos-arm64 0.6.1 18.00 NOTE
r-release-macos-x86_64 0.6.1 27.00 NOTE
r-release-windows-x86_64 0.6.1 7.00 57.00 64.00 NOTE
r-oldrel-macos-arm64 0.6.1 23.00 NOTE
r-oldrel-macos-x86_64 0.6.1 34.00 NOTE
r-oldrel-windows-ix86+x86_64 0.6.1 9.00 48.00 57.00 NOTE

Check Details

Version: 0.6.1
Check: installed package size
Result: NOTE
     installed size is 10.8Mb
     sub-directories of 1Mb or more:
     java 10.7Mb
Flavors: r-devel-linux-x86_64-fedora-clang, r-devel-windows-x86_64, r-release-macos-arm64, r-release-macos-x86_64, r-release-windows-x86_64, r-oldrel-macos-arm64, r-oldrel-macos-x86_64, r-oldrel-windows-ix86+x86_64