CRAN Package Check Results for Package xmeta

Last updated on 2020-07-15 10:50:55 CEST.

Flavor Version Tinstall Tcheck Ttotal Status Flags
r-devel-linux-x86_64-debian-clang 1.1-5 10.26 68.30 78.56 OK
r-devel-linux-x86_64-debian-gcc 1.1-5 7.33 54.07 61.40 OK
r-devel-linux-x86_64-fedora-clang 1.1-5 103.07 OK
r-devel-linux-x86_64-fedora-gcc 1.1-5 104.30 OK
r-devel-windows-ix86+x86_64 1.1-5 23.00 80.00 103.00 OK
r-patched-linux-x86_64 1.1-5 10.22 67.52 77.74 OK
r-patched-solaris-x86 1.1-5 136.30 OK
r-release-linux-x86_64 1.1-5 10.13 66.84 76.97 OK
r-release-macos-x86_64 1.1-5 ERROR
r-release-windows-ix86+x86_64 1.1-5 21.00 78.00 99.00 OK
r-oldrel-macos-x86_64 1.1-5 OK
r-oldrel-windows-ix86+x86_64 1.1-5 20.00 94.00 114.00 OK

Check Details

Version: 1.1-5
Check: whether package can be installed
Result: ERROR
    Installation failed.
Flavor: r-release-macos-x86_64