Last updated on 2023-05-30 20:09:30 CEST.
Flavor | Version | Tinstall | Tcheck | Ttotal | Status | Flags |
---|---|---|---|---|---|---|
r-devel-linux-x86_64-debian-clang | 1.3.4 | 15.38 | 41.91 | 57.29 | OK | |
r-devel-linux-x86_64-debian-gcc | 1.3.4 | 10.66 | 33.11 | 43.77 | OK | |
r-devel-linux-x86_64-fedora-clang | 1.3.4 | 93.42 | OK | |||
r-devel-linux-x86_64-fedora-gcc | 1.3.4 | 86.70 | OK | |||
r-devel-windows-x86_64 | 1.3.4 | 27.00 | 72.00 | 99.00 | OK | |
r-patched-linux-x86_64 | 1.3.4 | 13.81 | 40.86 | 54.67 | OK | |
r-release-linux-x86_64 | 1.3.4 | 14.06 | 40.86 | 54.92 | OK | |
r-release-macos-arm64 | 1.3.4 | 59.00 | OK | |||
r-release-macos-x86_64 | 1.3.3 | 61.00 | ERROR | |||
r-release-windows-x86_64 | 1.3.4 | 29.00 | 87.00 | 116.00 | OK | |
r-oldrel-macos-arm64 | 1.3.4 | 53.00 | OK | |||
r-oldrel-macos-x86_64 | 1.3.4 | 81.00 | OK | |||
r-oldrel-windows-x86_64 | 1.3.4 | 23.00 | 9.00 | 32.00 | ERROR |
Version: 1.3.3
Check: tests
Result: ERROR
Running ‘testthat.R’ [2s/4s]
Running the tests in ‘tests/testthat.R’ failed.
Last 13 lines of output:
[ FAIL 1 | WARN 0 | SKIP 3 | PASS 405 ]
══ Skipped tests ═══════════════════════════════════════════════════════════════
• On CRAN (3)
══ Failed tests ════════════════════════════════════════════════════════════════
── Failure ('test-url.R:22:5'): url_relative ───────────────────────────────────
url_relative("http://hadley.nz/a/c", "http://hadley.nz/") not equal to "../a/c".
1/1 mismatches
x[1]: "a/c"
y[1]: "../a/c"
[ FAIL 1 | WARN 0 | SKIP 3 | PASS 405 ]
Error: Test failures
Execution halted
Flavor: r-release-macos-x86_64
Version: 1.3.4
Check: whether package can be installed
Result: ERROR
Installation failed.
Flavor: r-oldrel-windows-x86_64