CRAN Package Check Results for Package xml2

Last updated on 2021-09-22 01:49:19 CEST.

Flavor Version Tinstall Tcheck Ttotal Status Flags
r-devel-linux-x86_64-debian-clang 1.3.2 16.30 41.57 57.87 OK
r-devel-linux-x86_64-debian-gcc 1.3.2 9.87 31.63 41.50 OK
r-devel-linux-x86_64-fedora-clang 1.3.2 85.32 OK
r-devel-linux-x86_64-fedora-gcc 1.3.2 67.11 OK
r-devel-windows-x86_64 1.3.2 1.00 6.00 7.00 ERROR
r-devel-windows-x86_64-gcc10-UCRT 1.3.2 ERROR
r-patched-linux-x86_64 1.3.2 13.95 39.25 53.20 OK
r-patched-solaris-x86 1.3.2 106.80 OK
r-release-linux-x86_64 1.3.2 14.14 39.62 53.76 OK
r-release-macos-arm64 1.3.2 NOTE
r-release-macos-x86_64 1.3.2 NOTE
r-release-windows-ix86+x86_64 1.3.2 42.00 70.00 112.00 NOTE
r-oldrel-macos-x86_64 1.3.2 WARN
r-oldrel-windows-ix86+x86_64 1.3.2 40.00 75.00 115.00 NOTE

Check Details

Version: 1.3.2
Check: whether package can be installed
Result: ERROR
    Installation failed.
Flavors: r-devel-windows-x86_64, r-devel-windows-x86_64-gcc10-UCRT

Version: 1.3.2
Check: installed package size
Result: NOTE
     installed size is 7.1Mb
     sub-directories of 1Mb or more:
     libs 6.7Mb
Flavors: r-release-macos-arm64, r-release-macos-x86_64, r-release-windows-ix86+x86_64, r-oldrel-macos-x86_64, r-oldrel-windows-ix86+x86_64

Version: 1.3.2
Check: re-building of vignette outputs
Result: WARN
    Error(s) in re-building vignettes:
     ...
    --- re-building ‘modification.Rmd’ using rmarkdown
    Warning in engine$weave(file, quiet = quiet, encoding = enc) :
     Pandoc (>= 1.12.3) and/or pandoc-citeproc not available. Falling back to R Markdown v1.
    Error: processing vignette 'modification.Rmd' failed with diagnostics:
    there is no package called 'stringi'
    --- failed re-building ‘modification.Rmd’
    
    SUMMARY: processing the following file failed:
     ‘modification.Rmd’
    
    Error: Vignette re-building failed.
    Execution halted
Flavor: r-oldrel-macos-x86_64