Last updated on 2023-09-24 03:56:20 CEST.
Flavor | Version | Tinstall | Tcheck | Ttotal | Status | Flags |
---|---|---|---|---|---|---|
r-devel-linux-x86_64-debian-clang | 0.1.3 | 6.62 | 92.32 | 98.94 | OK | |
r-devel-linux-x86_64-debian-gcc | 0.1.3 | 5.33 | 70.18 | 75.51 | OK | |
r-devel-linux-x86_64-fedora-clang | 0.1.3 | 133.69 | NOTE | |||
r-devel-linux-x86_64-fedora-gcc | 0.1.3 | 142.57 | NOTE | |||
r-devel-windows-x86_64 | 0.1.3 | 9.00 | 75.00 | 84.00 | OK | |
r-patched-linux-x86_64 | 0.1.3 | 8.28 | 90.30 | 98.58 | OK | |
r-release-linux-x86_64 | 0.1.3 | 6.86 | 92.00 | 98.86 | OK | |
r-release-macos-arm64 | 0.1.3 | 41.00 | OK | |||
r-release-macos-x86_64 | 0.1.3 | 57.00 | OK | |||
r-release-windows-x86_64 | 0.1.3 | 11.00 | 78.00 | 89.00 | OK | |
r-oldrel-macos-arm64 | 0.1.3 | 32.00 | OK | |||
r-oldrel-macos-x86_64 | 0.1.3 | 42.00 | OK | |||
r-oldrel-windows-x86_64 | 0.1.3 | 11.00 | 80.00 | 91.00 | OK |
Version: 0.1.3
Check: data for non-ASCII characters
Result: NOTE
Note: found 3 marked UTF-8 strings
Flavors: r-devel-linux-x86_64-fedora-clang, r-devel-linux-x86_64-fedora-gcc