CRAN Package Check Results for Package xnet

Last updated on 2020-04-03 21:47:43 CEST.

Flavor Version Tinstall Tcheck Ttotal Status Flags
r-devel-linux-x86_64-debian-clang 0.1.11 5.70 54.67 60.37 OK
r-devel-linux-x86_64-debian-gcc 0.1.11 5.41 42.55 47.96 OK
r-devel-linux-x86_64-fedora-clang 0.1.11 75.23 OK
r-devel-linux-x86_64-fedora-gcc 0.1.11 74.82 OK
r-devel-windows-ix86+x86_64 0.1.11 18.00 67.00 85.00 OK
r-devel-windows-ix86+x86_64-gcc8 0.1.11 16.00 73.00 89.00 OK
r-patched-linux-x86_64 0.1.11 6.14 53.64 59.78 OK
r-patched-solaris-x86 0.1.11 104.20 NOTE
r-release-linux-x86_64 0.1.11 4.97 49.08 54.05 OK
r-release-windows-ix86+x86_64 0.1.11 10.00 69.00 79.00 OK
r-release-osx-x86_64 0.1.11 NOTE
r-oldrel-windows-ix86+x86_64 0.1.11 11.00 61.00 72.00 OK
r-oldrel-osx-x86_64 0.1.11 NOTE

Check Details

Version: 0.1.11
Check: package dependencies
Result: NOTE
    Packages suggested but not available for checking: 'ChemmineR', 'fmcsR'
Flavors: r-patched-solaris-x86, r-release-osx-x86_64

Version: 0.1.11
Check: package dependencies
Result: NOTE
    Packages suggested but not available for checking: ‘ChemmineR’ ‘fmcsR’
Flavor: r-oldrel-osx-x86_64