CRAN Package Check Results for Package xplorerr

Last updated on 2020-02-18 01:52:13 CET.

Flavor Version Tinstall Tcheck Ttotal Status Flags
r-devel-linux-x86_64-debian-clang 0.1.1 2.87 22.30 25.17 NOTE
r-devel-linux-x86_64-debian-gcc 0.1.1 2.18 18.11 20.29 OK
r-devel-linux-x86_64-fedora-clang 0.1.1 33.43 OK
r-devel-linux-x86_64-fedora-gcc 0.1.1 31.16 OK
r-devel-windows-ix86+x86_64 0.1.1 10.00 36.00 46.00 OK
r-devel-windows-ix86+x86_64-gcc8 0.1.1 26.00 35.00 61.00 OK
r-patched-linux-x86_64 0.1.1 2.51 21.06 23.57 OK
r-patched-solaris-x86 0.1.1 42.60 OK
r-release-linux-x86_64 0.1.1 2.32 20.87 23.19 OK
r-release-windows-ix86+x86_64 0.1.1 8.00 33.00 41.00 OK
r-release-osx-x86_64 0.1.1 OK
r-oldrel-windows-ix86+x86_64 0.1.1 7.00 29.00 36.00 OK
r-oldrel-osx-x86_64 0.1.1 OK

Check Details

Version: 0.1.1
Check: package dependencies
Result: NOTE
    Packages suggested but not available for checking: 'blorr', 'olsrr'
Flavor: r-devel-linux-x86_64-debian-clang