CRAN Package Check Results for Package xplorerr

Last updated on 2020-05-27 02:47:31 CEST.

Flavor Version Tinstall Tcheck Ttotal Status Flags
r-devel-linux-x86_64-debian-clang 0.1.1 2.95 22.85 25.80 OK
r-devel-linux-x86_64-debian-gcc 0.1.1 2.18 18.59 20.77 OK
r-devel-linux-x86_64-fedora-clang 0.1.1 42.01 OK
r-devel-linux-x86_64-fedora-gcc 0.1.1 31.32 OK
r-devel-windows-ix86+x86_64 0.1.1 14.00 48.00 62.00 OK
r-patched-linux-x86_64 0.1.1 2.80 23.21 26.01 OK
r-patched-solaris-x86 0.1.1 8.20 ERROR
r-release-linux-x86_64 0.1.1 2.78 23.13 25.91 OK
r-release-osx-x86_64 0.1.1 OK
r-release-windows-ix86+x86_64 0.1.1 9.00 46.00 55.00 OK
r-oldrel-osx-x86_64 0.1.1 OK
r-oldrel-windows-ix86+x86_64 0.1.1 7.00 34.00 41.00 OK

Check Details

Version: 0.1.1
Check: package dependencies
Result: ERROR
    Package required but not available: ‘shiny’
    
    See section ‘The DESCRIPTION file’ in the ‘Writing R Extensions’
    manual.
Flavor: r-patched-solaris-x86