CRAN Package Check Results for Package xplorerr

Last updated on 2021-05-19 01:51:13 CEST.

Flavor Version Tinstall Tcheck Ttotal Status Flags
r-devel-linux-x86_64-debian-clang 0.1.1 2.73 26.66 29.39 NOTE
r-devel-linux-x86_64-debian-gcc 0.1.1 2.13 20.95 23.08 NOTE
r-devel-linux-x86_64-fedora-clang 0.1.1 44.84 NOTE
r-devel-linux-x86_64-fedora-gcc 0.1.1 32.79 NOTE
r-devel-windows-ix86+x86_64 0.1.1 6.00 33.00 39.00 NOTE
r-devel-windows-x86_64-gcc10-UCRT 0.1.1 NOTE
r-patched-linux-x86_64 0.1.1 3.09 25.95 29.04 NOTE
r-patched-solaris-x86 0.1.1 50.80 NOTE
r-release-linux-x86_64 0.1.1 2.96 25.56 28.52 OK
r-release-macos-x86_64 0.1.1 OK
r-release-windows-ix86+x86_64 0.1.1 6.00 32.00 38.00 OK
r-oldrel-macos-x86_64 0.1.1 OK
r-oldrel-windows-ix86+x86_64 0.1.1 5.00 38.00 43.00 OK

Check Details

Version: 0.1.1
Check: LazyData
Result: NOTE
     'LazyData' is specified without a 'data' directory
Flavors: r-devel-linux-x86_64-debian-clang, r-devel-linux-x86_64-debian-gcc, r-devel-linux-x86_64-fedora-clang, r-devel-linux-x86_64-fedora-gcc, r-devel-windows-ix86+x86_64, r-devel-windows-x86_64-gcc10-UCRT, r-patched-linux-x86_64, r-patched-solaris-x86