CRAN Package Check Results for Package xpose.nlmixr

Last updated on 2022-01-25 14:59:55 CET.

Flavor Version Tinstall Tcheck Ttotal Status Flags
r-devel-linux-x86_64-debian-clang 0.2.0 10.16 88.19 98.35 OK
r-devel-linux-x86_64-debian-gcc 0.2.0 8.85 66.92 75.77 OK
r-devel-linux-x86_64-fedora-clang 0.2.0 115.78 NOTE
r-devel-linux-x86_64-fedora-gcc 0.2.0 105.87 NOTE
r-devel-windows-x86_64-new-UL 0.2.0 67.00 101.00 168.00 OK
r-devel-windows-x86_64-new-TK 0.2.0 NOTE
r-patched-linux-x86_64 0.2.0 10.03 77.97 88.00 OK
r-release-linux-x86_64 0.2.0 6.98 78.04 85.02 OK
r-release-macos-arm64 0.2.0 NOTE
r-release-macos-x86_64 0.2.0 NOTE
r-release-windows-ix86+x86_64 0.2.0 24.00 97.00 121.00 OK
r-oldrel-macos-x86_64 0.2.0 NOTE
r-oldrel-windows-ix86+x86_64 0.2.0 24.00 98.00 122.00 OK

Check Details

Version: 0.2.0
Check: dependencies in R code
Result: NOTE
    Namespace in Imports field not imported from: ‘methods’
     All declared Imports should be used.
Flavors: r-devel-linux-x86_64-fedora-clang, r-devel-linux-x86_64-fedora-gcc, r-devel-windows-x86_64-new-TK, r-release-macos-arm64, r-release-macos-x86_64, r-oldrel-macos-x86_64

Version: 0.2.0
Check: Rd cross-references
Result: NOTE
    Undeclared package ‘readr’ in Rd xrefs
Flavor: r-devel-linux-x86_64-fedora-clang