Last updated on 2023-03-27 20:52:32 CEST.
Flavor | Version | Tinstall | Tcheck | Ttotal | Status | Flags |
---|---|---|---|---|---|---|
r-devel-linux-x86_64-debian-clang | 4.7.2 | 27.81 | 217.23 | 245.04 | NOTE | |
r-devel-linux-x86_64-debian-gcc | 4.7.2 | 23.15 | 158.82 | 181.97 | NOTE | |
r-devel-linux-x86_64-fedora-clang | 4.7.2 | 295.50 | NOTE | |||
r-devel-linux-x86_64-fedora-gcc | 4.7.2 | 283.70 | NOTE | |||
r-patched-linux-x86_64 | 4.7.2 | 38.43 | 204.54 | 242.97 | NOTE | |
r-release-linux-x86_64 | 4.7.2 | 18.43 | 180.34 | 198.77 | OK | |
r-release-macos-arm64 | 4.7.2 | 65.00 | OK | |||
r-release-macos-x86_64 | 4.7.2 | 87.00 | OK | |||
r-release-windows-x86_64 | 4.7.2 | 152.00 | 239.00 | 391.00 | OK | |
r-oldrel-macos-arm64 | 4.7.2 | 61.00 | OK | |||
r-oldrel-macos-x86_64 | 4.7.2 | 85.00 | OK | |||
r-oldrel-windows-ix86+x86_64 | 4.7.2 | 46.00 | 223.00 | 269.00 | OK |
Version: 4.7.2
Check: Rd files
Result: NOTE
checkRd: (-1) read.npc.vpc.results.Rd:16: Escaped LaTeX specials: \_
checkRd: (-1) read.npc.vpc.results.Rd:19: Escaped LaTeX specials: \_ \_ \_ \_ \_ \_
checkRd: (-1) read.npc.vpc.results.Rd:22: Escaped LaTeX specials: \_
Flavors: r-devel-linux-x86_64-debian-clang, r-devel-linux-x86_64-debian-gcc, r-devel-linux-x86_64-fedora-clang, r-devel-linux-x86_64-fedora-gcc, r-patched-linux-x86_64