CRAN Package Check Results for Package xsp

Last updated on 2024-05-21 17:50:15 CEST.

Flavor Version Tinstall Tcheck Ttotal Status Flags
r-devel-linux-x86_64-debian-clang 0.1.2 5.02 66.70 71.72 NOTE
r-devel-linux-x86_64-debian-gcc 0.1.2 4.06 47.79 51.85 NOTE
r-devel-linux-x86_64-fedora-clang 0.1.2 90.72 NOTE
r-devel-linux-x86_64-fedora-gcc 0.1.2 83.02 NOTE
r-devel-windows-x86_64 0.1.2 7.00 67.00 74.00 NOTE
r-patched-linux-x86_64 0.1.2 5.56 63.84 69.40 NOTE
r-release-linux-x86_64 0.1.2 5.61 61.61 67.22 NOTE
r-release-macos-arm64 0.1.2 27.00 NOTE
r-release-windows-x86_64 0.1.2 6.00 68.00 74.00 NOTE
r-oldrel-macos-arm64 0.1.2 30.00 NOTE
r-oldrel-macos-x86_64 0.1.2 44.00 NOTE
r-oldrel-windows-x86_64 0.1.2 7.00 75.00 82.00 NOTE

Check Details

Version: 0.1.2
Check: LazyData
Result: NOTE 'LazyData' is specified without a 'data' directory Flavors: r-devel-linux-x86_64-debian-clang, r-devel-linux-x86_64-debian-gcc, r-devel-linux-x86_64-fedora-clang, r-devel-linux-x86_64-fedora-gcc, r-devel-windows-x86_64, r-patched-linux-x86_64, r-release-linux-x86_64, r-release-macos-arm64, r-release-windows-x86_64, r-oldrel-macos-arm64, r-oldrel-macos-x86_64, r-oldrel-windows-x86_64