CRAN Package Check Results for Package xtable

Last updated on 2020-02-20 14:48:01 CET.

Flavor Version Tinstall Tcheck Ttotal Status Flags
r-devel-linux-x86_64-debian-clang 1.8-4 2.57 55.04 57.61 NOTE
r-devel-linux-x86_64-debian-gcc 1.8-4 2.07 43.30 45.37 NOTE
r-devel-linux-x86_64-fedora-clang 1.8-4 78.75 NOTE
r-devel-linux-x86_64-fedora-gcc 1.8-4 73.07 NOTE
r-devel-windows-ix86+x86_64 1.8-4 10.00 93.00 103.00 OK
r-devel-windows-ix86+x86_64-gcc8 1.8-4 17.00 83.00 100.00 OK
r-patched-linux-x86_64 1.8-4 2.00 50.44 52.44 OK
r-patched-solaris-x86 1.8-4 97.60 OK
r-release-linux-x86_64 1.8-4 3.00 50.23 53.23 OK
r-release-windows-ix86+x86_64 1.8-4 7.00 86.00 93.00 OK
r-release-osx-x86_64 1.8-4 OK
r-oldrel-windows-ix86+x86_64 1.8-4 5.00 77.00 82.00 OK
r-oldrel-osx-x86_64 1.8-4 OK

Check Details

Version: 1.8-4
Check: for non-standard things in the check directory
Result: NOTE
    Found the following files/directories:
     'xtable.html' 'xtable.tex'
Flavors: r-devel-linux-x86_64-debian-clang, r-devel-linux-x86_64-debian-gcc, r-devel-linux-x86_64-fedora-clang, r-devel-linux-x86_64-fedora-gcc

Version: 1.8-4
Check: package dependencies
Result: NOTE
    Suggests orphaned package: ‘plm’
Flavor: r-devel-linux-x86_64-fedora-clang