CRAN Package Check Results for Package xtable

Last updated on 2018-06-25 10:52:46 CEST.

Flavor Version Tinstall Tcheck Ttotal Status Flags
r-devel-linux-x86_64-debian-clang 1.8-2 2.82 50.80 53.62 OK
r-devel-linux-x86_64-debian-gcc 1.8-2 1.55 44.69 46.24 OK
r-devel-linux-x86_64-fedora-clang 1.8-2 72.70 OK
r-devel-linux-x86_64-fedora-gcc 1.8-2 70.70 OK
r-devel-windows-ix86+x86_64 1.8-2 10.00 92.00 102.00 OK
r-patched-linux-x86_64 1.8-2 2.55 54.22 56.77 OK
r-patched-solaris-x86 1.8-2 97.50 OK
r-release-linux-x86_64 1.8-2 1.93 53.89 55.82 OK
r-release-windows-ix86+x86_64 1.8-2 7.00 85.00 92.00 OK
r-release-osx-x86_64 1.8-2 OK
r-oldrel-windows-ix86+x86_64 1.8-2 6.00 87.00 93.00 OK
r-oldrel-osx-x86_64 1.8-2 WARN

Check Details

Version: 1.8-2
Check: re-building of vignette outputs
Result: WARN
    Error in re-building vignettes:
     ...
    Warning: running command 'kpsewhich framed.sty' had status 1
    Warning in test_latex_pkg("framed", system.file("misc", "framed.sty", package = "knitr")) :
     unable to find LaTeX package 'framed'; will use a copy from knitr
    Error in texi2dvi(file = file, pdf = TRUE, clean = clean, quiet = quiet, :
     Running 'texi2dvi' on 'OtherPackagesGallery.tex' failed.
    LaTeX errors:
    ! LaTeX Error: File `titlesec.sty' not found.
    
    Type X to quit or <RETURN> to proceed,
    or enter new name. (Default extension: sty)
    
    ! Emergency stop.
    <read *>
    
    l.67 \usepackage
     {hyperref} % hyperref last^^M
    ! ==> Fatal error occurred, no output PDF file produced!
    Calls: buildVignettes -> texi2pdf -> texi2dvi
    Execution halted
Flavor: r-oldrel-osx-x86_64