CRAN Package Check Results for Package xtable

Last updated on 2020-09-24 04:57:36 CEST.

Flavor Version Tinstall Tcheck Ttotal Status Flags
r-devel-linux-x86_64-debian-clang 1.8-4 2.36 58.25 60.61 NOTE
r-devel-linux-x86_64-debian-gcc 1.8-4 2.37 45.99 48.36 NOTE
r-devel-linux-x86_64-fedora-clang 1.8-4 95.23 NOTE
r-devel-linux-x86_64-fedora-gcc 1.8-4 76.31 NOTE
r-devel-windows-ix86+x86_64 1.8-4 8.00 95.00 103.00 OK
r-patched-linux-x86_64 1.8-4 3.35 56.88 60.23 NOTE
r-patched-solaris-x86 1.8-4 106.50 NOTE
r-release-linux-x86_64 1.8-4 2.34 57.02 59.36 NOTE
r-release-macos-x86_64 1.8-4 OK
r-release-windows-ix86+x86_64 1.8-4 9.00 115.00 124.00 OK
r-oldrel-macos-x86_64 1.8-4 OK
r-oldrel-windows-ix86+x86_64 1.8-4 6.00 105.00 111.00 OK

Check Details

Version: 1.8-4
Check: for non-standard things in the check directory
Result: NOTE
    Found the following files/directories:
     'xtable.html' 'xtable.tex'
Flavors: r-devel-linux-x86_64-debian-clang, r-devel-linux-x86_64-debian-gcc, r-devel-linux-x86_64-fedora-clang, r-devel-linux-x86_64-fedora-gcc, r-patched-linux-x86_64, r-patched-solaris-x86, r-release-linux-x86_64