CRAN Package Check Results for Package xtractomatic

Last updated on 2019-07-21 14:46:55 CEST.

Flavor Version Tinstall Tcheck Ttotal Status Flags
r-devel-linux-x86_64-debian-clang 3.4.2 2.66 27.06 29.72 OK --no-vignettes
r-devel-linux-x86_64-debian-gcc 3.4.2 2.12 22.37 24.49 OK --no-vignettes
r-devel-linux-x86_64-fedora-clang 3.4.2 61.93 WARN
r-devel-linux-x86_64-fedora-gcc 3.4.2 59.82 WARN
r-devel-windows-ix86+x86_64 3.4.2 8.00 75.00 83.00 OK --no-vignettes
r-patched-linux-x86_64 3.4.2 2.68 27.24 29.92 OK --no-vignettes
r-patched-solaris-x86 3.4.2 80.70 WARN
r-release-linux-x86_64 3.4.2 2.56 27.23 29.79 OK --no-vignettes
r-release-windows-ix86+x86_64 3.4.2 7.00 53.00 60.00 OK --no-vignettes
r-release-osx-x86_64 3.4.2 WARN
r-oldrel-windows-ix86+x86_64 3.4.2 8.00 49.00 57.00 OK --no-vignettes
r-oldrel-osx-x86_64 3.4.2 WARN

Check Details

Version: 3.4.2
Check: dependencies in R code
Result: NOTE
    Namespace in Imports field not imported from: ‘dplyr’
     All declared Imports should be used.
Flavors: r-devel-linux-x86_64-fedora-clang, r-devel-linux-x86_64-fedora-gcc, r-patched-solaris-x86, r-release-osx-x86_64, r-oldrel-osx-x86_64

Version: 3.4.2
Check: re-building of vignette outputs
Result: WARN
    Error(s) in re-building vignettes:
    --- re-building ‘Usingxtractomatic.Rmd’ using rmarkdown
    date lon lat lowLon higLon lowLat higLat
    4/23/2003 203.899 19.664 203.899 203.899 19.664 19.664
    4/24/2003 204.151 19.821 203.912597 204.389403 18.78051934 20.86148066
    4/30/2003 203.919 20.351 203.6793669 204.1586331 18.79728188 21.90471812
    5/1/2003 204.229 20.305 203.9943343 204.4636657 18.90440013 21.70559987
    Quitting from lines 490-497 (Usingxtractomatic.Rmd)
    Error: processing vignette 'Usingxtractomatic.Rmd' failed with diagnostics:
    (converted from warning) Raster pixels are placed at uneven horizontal intervals and will be shifted. Consider using geom_tile() instead.
    --- failed re-building ‘Usingxtractomatic.Rmd’
    
    SUMMARY: processing the following file failed:
     ‘Usingxtractomatic.Rmd’
    
    Error: Vignette re-building failed.
    Execution halted
Flavors: r-devel-linux-x86_64-fedora-clang, r-devel-linux-x86_64-fedora-gcc

Version: 3.4.2
Check: re-building of vignette outputs
Result: WARN
    Error(s) in re-building vignettes:
     ...
    --- re-building ‘Usingxtractomatic.Rmd’ using rmarkdown
    Warning in engine$weave(file, quiet = quiet, encoding = enc) :
     Pandoc (>= 1.12.3) and/or pandoc-citeproc not available. Falling back to R Markdown v1.
    date lon lat lowLon higLon lowLat higLat
    4/23/2003 203.899 19.664 203.899 203.899 19.664 19.664
    4/24/2003 204.151 19.821 203.912597 204.389403 18.78051934 20.86148066
    4/30/2003 203.919 20.351 203.6793669 204.1586331 18.79728188 21.90471812
    5/1/2003 204.229 20.305 203.9943343 204.4636657 18.90440013 21.70559987
    Quitting from lines 490-497 (Usingxtractomatic.Rmd)
    Error: processing vignette 'Usingxtractomatic.Rmd' failed with diagnostics:
    (converted from warning) Raster pixels are placed at uneven horizontal intervals and will be shifted. Consider using geom_tile() instead.
    --- failed re-building ‘Usingxtractomatic.Rmd’
    
    SUMMARY: processing the following file failed:
     ‘Usingxtractomatic.Rmd’
    
    Error: Vignette re-building failed.
    Execution halted
Flavor: r-patched-solaris-x86

Version: 3.4.2
Check: re-building of vignette outputs
Result: WARN
    Error(s) in re-building vignettes:
     ...
    --- re-building ‘Usingxtractomatic.Rmd’ using rmarkdown
    Warning in engine$weave(file, quiet = quiet, encoding = enc) :
     Pandoc (>= 1.12.3) and/or pandoc-citeproc not available. Falling back to R Markdown v1.
    date lon lat lowLon higLon lowLat higLat
    4/23/2003 203.899 19.664 203.899 203.899 19.664 19.664
    4/24/2003 204.151 19.821 203.912597 204.389403 18.78051934 20.86148066
    4/30/2003 203.919 20.351 203.6793669 204.1586331 18.79728188 21.90471812
    5/1/2003 204.229 20.305 203.9943343 204.4636657 18.90440013 21.70559987
    Quitting from lines 818-843 (Usingxtractomatic.Rmd)
    Error: processing vignette 'Usingxtractomatic.Rmd' failed with diagnostics:
    (converted from warning) Removed 4070 rows containing missing values (geom_raster).
    --- failed re-building ‘Usingxtractomatic.Rmd’
    
    SUMMARY: processing the following file failed:
     ‘Usingxtractomatic.Rmd’
    
    Error: Vignette re-building failed.
    Execution halted
Flavor: r-release-osx-x86_64

Version: 3.4.2
Check: re-building of vignette outputs
Result: WARN
    Error in re-building vignettes:
     ...
    Warning in engine$weave(file, quiet = quiet, encoding = enc) :
     Pandoc (>= 1.12.3) and/or pandoc-citeproc not available. Falling back to R Markdown v1.
    date lon lat lowLon higLon lowLat higLat
    4/23/2003 203.899 19.664 203.899 203.899 19.664 19.664
    4/24/2003 204.151 19.821 203.912597 204.389403 18.78051934 20.86148066
    4/30/2003 203.919 20.351 203.6793669 204.1586331 18.79728188 21.90471812
    5/1/2003 204.229 20.305 203.9943343 204.4636657 18.90440013 21.70559987
    Quitting from lines 1055-1057 (Usingxtractomatic.Rmd)
    Error: processing vignette 'Usingxtractomatic.Rmd' failed with diagnostics:
    cannot open the connection
    Execution halted
Flavor: r-oldrel-osx-x86_64