CRAN Package Check Results for Package xts

Last updated on 2021-05-12 16:49:43 CEST.

Flavor Version Tinstall Tcheck Ttotal Status Flags
r-devel-linux-x86_64-debian-clang 0.12.1 16.07 82.02 98.09 WARN
r-devel-linux-x86_64-debian-gcc 0.12.1 11.93 63.57 75.50 WARN
r-devel-linux-x86_64-fedora-clang 0.12.1 122.86 WARN
r-devel-linux-x86_64-fedora-gcc 0.12.1 75.88 WARN
r-devel-windows-ix86+x86_64 0.12.1 38.00 6.00 44.00 ERROR
r-devel-windows-x86_64-gcc10-UCRT 1.0 OK
r-patched-linux-x86_64 0.12.1 14.91 80.02 94.93 OK
r-patched-solaris-x86 0.12.1 182.40 OK
r-release-linux-x86_64 0.12.1 13.73 77.17 90.90 OK
r-release-macos-x86_64 0.12.1 OK
r-release-windows-ix86+x86_64 0.12.1 39.00 111.00 150.00 OK
r-oldrel-macos-x86_64 0.12.1 OK
r-oldrel-windows-ix86+x86_64 0.12.1 44.00 109.00 153.00 OK

Check Details

Version: 0.12.1
Check: re-building of vignette outputs
Result: WARN
    Error(s) in re-building vignettes:
     ...
    --- re-building 'xts-faq.Rnw' using Sweave
    Loading required package: zoo
    
    Attaching package: 'zoo'
    
    The following objects are masked from 'package:base':
    
     as.Date, as.Date.numeric
    
    Warning in NextMethod(.Generic) :
     number of items to replace is not a multiple of replacement length
    Error: processing vignette 'xts-faq.Rnw' failed with diagnostics:
    Running 'texi2dvi' on 'xts-faq.tex' failed.
    LaTeX errors:
    ! Undefined control sequence.
    \tableofcontents ...@restonecolfalse \fi \chapter
     *{\contentsname \@mkboth {...
    l.54 \tableofcontents
    
    --- failed re-building 'xts-faq.Rnw'
    
    --- re-building 'xts.Rnw' using Sweave
    Loading required package: xts
    Loading required package: zoo
    
    Attaching package: 'zoo'
    
    The following objects are masked from 'package:base':
    
     as.Date, as.Date.numeric
    
    --- finished re-building 'xts.Rnw'
    
    SUMMARY: processing the following file failed:
     'xts-faq.Rnw'
    
    Error: Vignette re-building failed.
    Execution halted
Flavors: r-devel-linux-x86_64-debian-clang, r-devel-linux-x86_64-debian-gcc

Version: 0.12.1
Check: re-building of vignette outputs
Result: WARN
    Error(s) in re-building vignettes:
    --- re-building ‘xts-faq.Rnw’ using Sweave
    Loading required package: zoo
    
    Attaching package: ‘zoo’
    
    The following objects are masked from ‘package:base’:
    
     as.Date, as.Date.numeric
    
    Warning in NextMethod(.Generic) :
     number of items to replace is not a multiple of replacement length
    Error: processing vignette 'xts-faq.Rnw' failed with diagnostics:
    Running 'texi2dvi' on 'xts-faq.tex' failed.
    LaTeX errors:
    ! Undefined control sequence.
    \tableofcontents ...@restonecolfalse \fi \chapter
     *{\contentsname \@mkboth {...
    l.54 \tableofcontents
    
    --- failed re-building ‘xts-faq.Rnw’
    
    --- re-building ‘xts.Rnw’ using Sweave
    Loading required package: xts
    Loading required package: zoo
    
    Attaching package: ‘zoo’
    
    The following objects are masked from ‘package:base’:
    
     as.Date, as.Date.numeric
    
    --- finished re-building ‘xts.Rnw’
    
    SUMMARY: processing the following file failed:
     ‘xts-faq.Rnw’
    
    Error: Vignette re-building failed.
    Execution halted
Flavors: r-devel-linux-x86_64-fedora-clang, r-devel-linux-x86_64-fedora-gcc

Version: 0.12.1
Check: whether package can be installed
Result: ERROR
    Installation failed.
Flavor: r-devel-windows-ix86+x86_64