CRAN Package Check Results for Package xts

Last updated on 2023-02-09 00:53:55 CET.

Flavor Version Tinstall Tcheck Ttotal Status Flags
r-devel-linux-x86_64-debian-clang 0.12.2 18.79 90.67 109.46 OK
r-devel-linux-x86_64-debian-gcc 0.12.2 13.82 68.25 82.07 OK
r-devel-linux-x86_64-fedora-clang 0.12.2 121.15 OK
r-devel-linux-x86_64-fedora-gcc 0.12.2 150.21 OK
r-devel-windows-x86_64 0.12.2 97.00 171.00 268.00 OK
r-patched-linux-x86_64 0.12.2 20.36 84.79 105.15 OK
r-release-linux-x86_64 0.12.2 16.34 83.03 99.37 OK
r-release-macos-arm64 0.12.2 45.00 NOTE
r-release-macos-x86_64 0.12.2 59.00 OK
r-release-windows-x86_64 0.12.2 93.00 169.00 262.00 OK
r-oldrel-macos-arm64 0.12.2 43.00 OK
r-oldrel-macos-x86_64 0.12.2 66.00 OK
r-oldrel-windows-ix86+x86_64 0.12.2 50.00 160.00 210.00 OK

Check Details

Version: 0.12.2
Check: package dependencies
Result: NOTE
    Package suggested but not available for checking: ‘timeSeries’
Flavor: r-release-macos-arm64