CRAN Package Check Results for Package xutils

Last updated on 2024-06-13 01:58:11 CEST.

Flavor Version Tinstall Tcheck Ttotal Status Flags
r-devel-linux-x86_64-debian-clang 0.0.2 19.64 35.84 55.48 OK
r-devel-linux-x86_64-debian-gcc 0.0.2 13.21 24.75 37.96 ERROR
r-devel-linux-x86_64-fedora-clang 0.0.2 77.73 OK
r-devel-linux-x86_64-fedora-gcc 0.0.2 87.99 OK
r-devel-windows-x86_64 0.0.2 18.00 66.00 84.00 OK
r-patched-linux-x86_64 0.0.2 15.79 34.73 50.52 OK
r-release-linux-x86_64 0.0.2 16.88 34.46 51.34 OK
r-release-macos-arm64 0.0.2 29.00 OK
r-release-macos-x86_64 0.0.2 42.00 OK
r-release-windows-x86_64 0.0.2 17.00 71.00 88.00 OK
r-oldrel-macos-arm64 0.0.2 27.00 OK
r-oldrel-macos-x86_64 0.0.2 46.00 OK
r-oldrel-windows-x86_64 0.0.2 18.00 75.00 93.00 OK

Check Details

Version: 0.0.2
Check: package dependencies
Result: NOTE Packages suggested but not available for checking: 'bench', 'testthat' Flavor: r-devel-linux-x86_64-debian-gcc

Version: 0.0.2
Check: tests
Result: ERROR Running ‘testthat.R’ [0s/0s] Running the tests in ‘tests/testthat.R’ failed. Complete output: > library(testthat) Error in library(testthat) : there is no package called 'testthat' Execution halted Flavor: r-devel-linux-x86_64-debian-gcc

Version: 0.0.2
Check: re-building of vignette outputs
Result: ERROR Error(s) in re-building vignettes: ... --- re-building ‘Introduction.Rmd’ using rmarkdown Quitting from lines 73-78 [unnamed-chunk-4] (Introduction.Rmd) Error: processing vignette 'Introduction.Rmd' failed with diagnostics: there is no package called 'bench' --- failed re-building ‘Introduction.Rmd’ SUMMARY: processing the following file failed: ‘Introduction.Rmd’ Error: Vignette re-building failed. Execution halted Flavor: r-devel-linux-x86_64-debian-gcc