Last updated on 2023-12-02 21:40:15 CET.
Flavor | Version | Tinstall | Tcheck | Ttotal | Status | Flags |
---|---|---|---|---|---|---|
r-devel-linux-x86_64-debian-clang | 2.1.2 | 11.28 | 88.58 | 99.86 | NOTE | |
r-devel-linux-x86_64-debian-gcc | 2.1.2 | 8.06 | 65.26 | 73.32 | NOTE | |
r-devel-linux-x86_64-fedora-clang | 2.1.2 | 131.64 | OK | |||
r-devel-linux-x86_64-fedora-gcc | 2.1.2 | 128.22 | OK | |||
r-devel-windows-x86_64 | 2.1.2 | 12.00 | 80.00 | 92.00 | OK | |
r-patched-linux-x86_64 | 2.1.2 | 12.03 | 83.07 | 95.10 | OK | |
r-release-linux-x86_64 | 2.1.2 | 11.61 | 83.08 | 94.69 | OK | |
r-release-macos-arm64 | 2.1.2 | 35.00 | OK | |||
r-release-macos-x86_64 | 2.1.2 | 58.00 | OK | |||
r-release-windows-x86_64 | 2.1.2 | 16.00 | 98.00 | 114.00 | OK | |
r-oldrel-macos-arm64 | 2.1.2 | 32.00 | OK | |||
r-oldrel-macos-x86_64 | 2.1.2 | 62.00 | OK | |||
r-oldrel-windows-x86_64 | 2.1.2 | 15.00 | 94.00 | 109.00 | OK |
Version: 2.1.2
Check: Rd files
Result: NOTE
checkRd: (-1) cat_sim.Rd:110: Lost braces; missing escapes or markup?
110 | \code{min} and {max} are mandatory for setting limits on the test length. User-defined
| ^
Flavors: r-devel-linux-x86_64-debian-clang, r-devel-linux-x86_64-debian-gcc