CRAN Package Check Results for Package yacca

Last updated on 2021-03-04 07:53:08 CET.

Flavor Version Tinstall Tcheck Ttotal Status Flags
r-devel-linux-x86_64-debian-clang 1.1.1 2.66 25.85 28.51 NOTE
r-devel-linux-x86_64-debian-gcc 1.1.1 2.14 19.67 21.81 NOTE
r-devel-linux-x86_64-fedora-clang 1.1.1 44.52 NOTE
r-devel-linux-x86_64-fedora-gcc 1.1.1 33.63 NOTE
r-devel-windows-ix86+x86_64 1.1.1 5.00 41.00 46.00 OK
r-patched-linux-x86_64 1.1.1 2.43 24.06 26.49 NOTE
r-patched-solaris-x86 1.1.1 48.10 OK
r-release-linux-x86_64 1.1.1 2.51 24.05 26.56 NOTE
r-release-macos-x86_64 1.1.1 OK
r-release-windows-ix86+x86_64 1.1.1 4.00 30.00 34.00 OK
r-oldrel-macos-x86_64 1.1.1 OK
r-oldrel-windows-ix86+x86_64 1.1.1 5.00 43.00 48.00 OK

Check Details

Version: 1.1.1
Check: top-level files
Result: NOTE
    Non-standard file/directory found at top level:
     'CONTRIBUTORS'
Flavors: r-devel-linux-x86_64-debian-clang, r-devel-linux-x86_64-debian-gcc, r-devel-linux-x86_64-fedora-clang, r-devel-linux-x86_64-fedora-gcc, r-patched-linux-x86_64, r-release-linux-x86_64