CRAN Package Check Results for Package yahoofinancer

Last updated on 2024-06-13 21:49:37 CEST.

Flavor Version Tinstall Tcheck Ttotal Status Flags
r-devel-linux-x86_64-debian-clang 0.3.0 6.78 46.29 53.07 OK
r-devel-linux-x86_64-debian-gcc 0.3.0 0.56 1.59 2.15 ERROR
r-devel-linux-x86_64-fedora-clang 0.3.0 66.69 OK
r-devel-linux-x86_64-fedora-gcc 0.3.0 66.52 OK
r-devel-windows-x86_64 0.3.0 7.00 55.00 62.00 OK
r-patched-linux-x86_64 0.3.0 7.55 45.16 52.71 OK
r-release-linux-x86_64 0.3.0 6.65 44.29 50.94 OK
r-release-macos-arm64 0.3.0 22.00 OK
r-release-macos-x86_64 0.3.0 36.00 OK
r-release-windows-x86_64 0.3.0 7.00 62.00 69.00 OK
r-oldrel-macos-arm64 0.3.0 32.00 OK
r-oldrel-macos-x86_64 0.3.0 46.00 OK
r-oldrel-windows-x86_64 0.3.0 9.00 60.00 69.00 OK

Check Details

Version: 0.3.0
Check: package dependencies
Result: ERROR Packages required but not available: 'lubridate', 'purrr', 'stringr' Packages suggested but not available for checking: 'httptest', 'testthat' See section ‘The DESCRIPTION file’ in the ‘Writing R Extensions’ manual. Flavor: r-devel-linux-x86_64-debian-gcc