CRAN Package Check Results for Package yakmoR

Last updated on 2021-08-05 22:55:17 CEST.

Flavor Version Tinstall Tcheck Ttotal Status Flags
r-devel-linux-x86_64-debian-clang 0.1.1 21.04 30.07 51.11 OK
r-devel-linux-x86_64-debian-gcc 0.1.1 15.43 24.89 40.32 OK
r-devel-linux-x86_64-fedora-clang 0.1.1 82.87 NOTE
r-devel-linux-x86_64-fedora-gcc 0.1.1 66.78 NOTE
r-devel-windows-x86_64 0.1.1 29.00 45.00 74.00 OK
r-devel-windows-x86_64-gcc10-UCRT 0.1.1 ERROR
r-patched-linux-x86_64 0.1.1 17.59 28.98 46.57 OK
r-patched-solaris-x86 0.1.1 84.70 WARN
r-release-linux-x86_64 0.1.1 16.74 29.28 46.02 OK
r-release-macos-arm64 0.1.1 OK
r-release-macos-x86_64 0.1.1 OK
r-release-windows-ix86+x86_64 0.1.1 53.00 57.00 110.00 OK
r-oldrel-macos-x86_64 0.1.1 OK
r-oldrel-windows-ix86+x86_64 0.1.1 39.00 76.00 115.00 OK

Check Details

Version: 0.1.1
Check: compiled code
Result: NOTE
    File ‘yakmoR/libs/yakmoR.so’:
     Found no calls to: ‘R_registerRoutines’, ‘R_useDynamicSymbols’
    
    It is good practice to register native routines and to disable symbol
    search.
    
    See ‘Writing portable packages’ in the ‘Writing R Extensions’ manual.
Flavors: r-devel-linux-x86_64-fedora-clang, r-devel-linux-x86_64-fedora-gcc

Version: 0.1.1
Check: package dependencies
Result: NOTE
    Package suggested but not available for checking: 'testthat'
Flavor: r-devel-windows-x86_64-gcc10-UCRT

Version: 0.1.1
Check: tests
Result: ERROR
     Running 'testthat.R'
    Running the tests in 'tests/testthat.R' failed.
    Complete output:
     > library(testthat)
     Error in library(testthat) : there is no package called 'testthat'
     Execution halted
Flavor: r-devel-windows-x86_64-gcc10-UCRT

Version: 0.1.1
Check: whether package can be installed
Result: WARN
    Found the following significant warnings:
     yakmo.h:184:1: warning: ISO C++ forbids converting a string constant to ‘char*’ [-Wwrite-strings]
Flavor: r-patched-solaris-x86