CRAN Package Check Results for Package yaml

Last updated on 2019-12-15 05:47:59 CET.

Flavor Version Tinstall Tcheck Ttotal Status Flags
r-devel-linux-x86_64-debian-clang 2.2.0 8.55 19.29 27.84 OK
r-devel-linux-x86_64-debian-gcc 2.2.0 6.90 15.72 22.62 WARN
r-devel-linux-x86_64-fedora-clang 2.2.0 38.50 OK
r-devel-linux-x86_64-fedora-gcc 2.2.0 36.94 WARN
r-devel-windows-ix86+x86_64 2.2.0 32.00 54.00 86.00 WARN
r-devel-windows-ix86+x86_64-gcc8 2.2.0 31.00 38.00 69.00 WARN
r-patched-linux-x86_64 2.2.0 7.50 18.15 25.65 OK
r-patched-solaris-x86 2.2.0 54.30 OK
r-release-linux-x86_64 2.2.0 6.23 18.25 24.48 OK
r-release-windows-ix86+x86_64 2.2.0 48.00 65.00 113.00 OK
r-release-osx-x86_64 2.2.0 OK
r-oldrel-windows-ix86+x86_64 2.2.0 28.00 48.00 76.00 OK
r-oldrel-osx-x86_64 2.2.0 OK

Additional issues

valgrind

Check Details

Version: 2.2.0
Check: whether package can be installed
Result: WARN
    Found the following significant warnings:
     emitter.c:28:6: warning: value computed is not used [-Wunused-value]
Flavors: r-devel-linux-x86_64-debian-gcc, r-devel-linux-x86_64-fedora-gcc, r-devel-windows-ix86+x86_64, r-devel-windows-ix86+x86_64-gcc8