CRAN Package Check Results for Package yaml

Last updated on 2019-10-16 09:51:50 CEST.

Flavor Version Tinstall Tcheck Ttotal Status Flags
r-devel-linux-x86_64-debian-clang 2.2.0 9.77 18.10 27.87 OK
r-devel-linux-x86_64-debian-gcc 2.2.0 5.97 14.83 20.80 WARN
r-devel-linux-x86_64-fedora-clang 2.2.0 35.99 OK
r-devel-linux-x86_64-fedora-gcc 2.2.0 35.07 WARN
r-devel-windows-ix86+x86_64 2.2.0 46.00 36.00 82.00 WARN
r-patched-linux-x86_64 2.2.0 6.15 17.98 24.13 OK
r-patched-solaris-x86 2.2.0 52.60 OK
r-release-linux-x86_64 2.2.0 7.42 17.88 25.30 OK
r-release-windows-ix86+x86_64 2.2.0 48.00 65.00 113.00 OK
r-release-osx-x86_64 2.2.0 OK
r-oldrel-windows-ix86+x86_64 2.2.0 28.00 48.00 76.00 OK
r-oldrel-osx-x86_64 2.2.0 OK

Additional issues

valgrind

Check Details

Version: 2.2.0
Check: whether package can be installed
Result: WARN
    Found the following significant warnings:
     emitter.c:28:6: warning: value computed is not used [-Wunused-value]
Flavors: r-devel-linux-x86_64-debian-gcc, r-devel-linux-x86_64-fedora-gcc, r-devel-windows-ix86+x86_64