CRAN Package Check Results for Package yarr

Last updated on 2022-01-26 15:08:36 CET.

Flavor Version Tinstall Tcheck Ttotal Status Flags
r-devel-linux-x86_64-debian-clang 0.1.2 1.96 31.03 32.99 NOTE
r-devel-linux-x86_64-debian-gcc 0.1.2 1.34 24.28 25.62 NOTE
r-devel-linux-x86_64-fedora-clang 0.1.2 40.57 NOTE
r-devel-linux-x86_64-fedora-gcc 0.1.2 29.59 NOTE
r-devel-windows-x86_64-new-UL 0.1.2 19.00 50.00 69.00 NOTE
r-devel-windows-x86_64-new-TK 0.1.2 NOTE
r-patched-linux-x86_64 0.1.2 1.75 29.91 31.66 NOTE
r-release-linux-x86_64 0.1.2 1.87 29.45 31.32 NOTE
r-release-macos-arm64 0.1.2 NOTE
r-release-macos-x86_64 0.1.2 NOTE
r-release-windows-ix86+x86_64 0.1.2 5.00 39.00 44.00 NOTE
r-oldrel-macos-x86_64 0.1.2 OK
r-oldrel-windows-ix86+x86_64 0.1.2 6.00 37.00 43.00 OK

Check Details

Version: 0.1.2
Check: LazyData
Result: NOTE
     'LazyData' is specified without a 'data' directory
Flavors: r-devel-linux-x86_64-debian-clang, r-devel-linux-x86_64-debian-gcc, r-devel-linux-x86_64-fedora-clang, r-devel-linux-x86_64-fedora-gcc, r-devel-windows-x86_64-new-UL, r-devel-windows-x86_64-new-TK, r-patched-linux-x86_64, r-release-linux-x86_64, r-release-macos-arm64, r-release-macos-x86_64, r-release-windows-ix86+x86_64