CRAN Package Check Results for Package ycinterextra

Last updated on 2019-09-16 14:47:26 CEST.

Flavor Version Tinstall Tcheck Ttotal Status Flags
r-devel-linux-x86_64-debian-clang 0.1 3.79 29.24 33.03 NOTE
r-devel-linux-x86_64-debian-gcc 0.1 2.82 23.49 26.31 NOTE
r-devel-linux-x86_64-fedora-clang 0.1 39.96 NOTE
r-devel-linux-x86_64-fedora-gcc 0.1 39.22 NOTE
r-devel-windows-ix86+x86_64 0.1 10.00 43.00 53.00 NOTE
r-patched-linux-x86_64 0.1 2.80 30.29 33.09 NOTE
r-patched-solaris-x86 0.1 61.00 NOTE
r-release-linux-x86_64 0.1 3.62 30.33 33.95 NOTE
r-release-windows-ix86+x86_64 0.1 6.00 58.00 64.00 NOTE
r-release-osx-x86_64 0.1 NOTE
r-oldrel-windows-ix86+x86_64 0.1 4.00 62.00 66.00 NOTE
r-oldrel-osx-x86_64 0.1 NOTE

Check Details

Version: 0.1
Check: dependencies in R code
Result: NOTE
    Package in Depends field not imported from: 'compiler'
     These packages need to be imported from (in the NAMESPACE file)
     for when this namespace is loaded but not attached.
Flavors: r-devel-linux-x86_64-debian-clang, r-devel-linux-x86_64-debian-gcc, r-devel-linux-x86_64-fedora-clang, r-devel-linux-x86_64-fedora-gcc, r-devel-windows-ix86+x86_64, r-patched-linux-x86_64, r-patched-solaris-x86, r-release-linux-x86_64, r-release-windows-ix86+x86_64, r-release-osx-x86_64, r-oldrel-windows-ix86+x86_64, r-oldrel-osx-x86_64

Version: 0.1
Check: R code for possible problems
Result: NOTE
    bootstrapswapcurve: no visible global function definition for 'ts'
    fitted: no visible global function definition for 'ts'
    forwardrates: no visible global function definition for 'ts'
    residuals: no visible global function definition for 'ts'
    tZC_NS: no visible global function definition for 'cmpfun'
    tZC_NS_extra: no visible global function definition for 'cmpfun'
    tZC_SV: no visible global function definition for 'cmpfun'
    tZC_SV_extra: no visible global function definition for 'cmpfun'
    ycextra: no visible global function definition for 'new'
    ycinter: no visible global function definition for 'new'
    ycplot: no visible global function definition for 'par'
    ycplot: no visible global function definition for 'points'
    ycplot: no visible global function definition for 'abline'
    ycplot: no visible global function definition for 'hist'
    ycplot: no visible global function definition for 'lines'
    ycplot: no visible global function definition for 'density'
    ycplot: no visible global function definition for 'qqnorm'
    ycplot: no visible global function definition for 'qqline'
    ycsummary: no visible global function definition for 'shapiro.test'
    ycsummary: no visible global function definition for 'pf'
    Undefined global functions or variables:
     abline cmpfun density hist lines new par pf points qqline qqnorm
     shapiro.test ts
    Consider adding
     importFrom("graphics", "abline", "hist", "lines", "par", "points")
     importFrom("methods", "new")
     importFrom("stats", "density", "pf", "qqline", "qqnorm",
     "shapiro.test", "ts")
    to your NAMESPACE file (and ensure that your DESCRIPTION Imports field
    contains 'methods').
Flavors: r-devel-linux-x86_64-debian-clang, r-devel-linux-x86_64-debian-gcc, r-devel-linux-x86_64-fedora-clang, r-devel-linux-x86_64-fedora-gcc, r-devel-windows-ix86+x86_64, r-patched-linux-x86_64, r-patched-solaris-x86, r-release-linux-x86_64, r-release-windows-ix86+x86_64, r-release-osx-x86_64, r-oldrel-windows-ix86+x86_64, r-oldrel-osx-x86_64