CRAN Package Check Results for Package yhat

Last updated on 2023-06-07 23:40:52 CEST.

Flavor Version Tinstall Tcheck Ttotal Status Flags
r-devel-linux-x86_64-debian-clang 2.0-3 3.55 47.31 50.86 NOTE
r-devel-linux-x86_64-debian-gcc 2.0-3 3.22 35.83 39.05 NOTE
r-devel-linux-x86_64-fedora-clang 2.0-3 62.52 NOTE
r-devel-linux-x86_64-fedora-gcc 2.0-3 60.02 NOTE
r-devel-windows-x86_64 2.0-3 4.00 59.00 63.00 NOTE
r-patched-linux-x86_64 2.0-3 4.84 44.88 49.72 NOTE
r-release-linux-x86_64 2.0-3 2.78 44.80 47.58 NOTE
r-release-macos-arm64 2.0-3 21.00 NOTE
r-release-macos-x86_64 2.0-3 33.00 NOTE
r-release-windows-x86_64 2.0-3 6.00 62.00 68.00 NOTE
r-oldrel-macos-arm64 2.0-3 22.00 NOTE
r-oldrel-macos-x86_64 2.0-3 29.00 NOTE
r-oldrel-windows-x86_64 2.0-3 6.00 65.00 71.00 NOTE

Check Details

Version: 2.0-3
Check: LazyData
Result: NOTE
     'LazyData' is specified without a 'data' directory
Flavors: r-devel-linux-x86_64-debian-clang, r-devel-linux-x86_64-debian-gcc, r-devel-linux-x86_64-fedora-clang, r-devel-linux-x86_64-fedora-gcc, r-devel-windows-x86_64, r-patched-linux-x86_64, r-release-linux-x86_64, r-release-macos-arm64, r-release-macos-x86_64, r-release-windows-x86_64, r-oldrel-macos-arm64, r-oldrel-macos-x86_64, r-oldrel-windows-x86_64