CRAN Package Check Results for Package ykmeans

Last updated on 2021-05-14 12:51:46 CEST.

Flavor Version Tinstall Tcheck Ttotal Status Flags
r-devel-linux-x86_64-debian-clang 1.0 2.26 28.97 31.23 NOTE
r-devel-linux-x86_64-debian-gcc 1.0 2.02 22.55 24.57 NOTE
r-devel-linux-x86_64-fedora-clang 1.0 48.39 NOTE
r-devel-linux-x86_64-fedora-gcc 1.0 35.76 NOTE
r-devel-windows-ix86+x86_64 1.0 6.00 38.00 44.00 NOTE
r-devel-windows-x86_64-gcc10-UCRT 1.0 NOTE
r-patched-linux-x86_64 1.0 2.20 28.34 30.54 NOTE
r-patched-solaris-x86 1.0 59.10 NOTE
r-release-linux-x86_64 1.0 2.51 27.70 30.21 NOTE
r-release-macos-x86_64 1.0 NOTE
r-release-windows-ix86+x86_64 1.0 4.00 49.00 53.00 NOTE
r-oldrel-macos-x86_64 1.0 NOTE
r-oldrel-windows-ix86+x86_64 1.0 5.00 33.00 38.00 NOTE

Check Details

Version: 1.0
Check: R code for possible problems
Result: NOTE
    kmeansN: no visible global function definition for 'kmeans'
    kmeansN: no visible global function definition for 'aggregate'
    kmeansN2: no visible global function definition for 'aggregate'
    kmeansN2: no visible binding for global variable 'sd'
    Undefined global functions or variables:
     aggregate kmeans sd
    Consider adding
     importFrom("stats", "aggregate", "kmeans", "sd")
    to your NAMESPACE file.
Flavors: r-devel-linux-x86_64-debian-clang, r-devel-linux-x86_64-debian-gcc, r-devel-linux-x86_64-fedora-clang, r-devel-linux-x86_64-fedora-gcc, r-devel-windows-ix86+x86_64, r-devel-windows-x86_64-gcc10-UCRT, r-patched-linux-x86_64, r-patched-solaris-x86, r-release-linux-x86_64, r-release-macos-x86_64, r-release-windows-ix86+x86_64, r-oldrel-macos-x86_64, r-oldrel-windows-ix86+x86_64