CRAN Package Check Results for Package ymd

Last updated on 2022-05-29 02:49:13 CEST.

Flavor Version Tinstall Tcheck Ttotal Status Flags
r-devel-linux-x86_64-debian-clang 0.0.1 142.26 31.64 173.90 OK
r-devel-linux-x86_64-debian-gcc 0.0.1 127.22 24.58 151.80 OK
r-devel-linux-x86_64-fedora-clang 0.0.1 249.48 OK
r-devel-linux-x86_64-fedora-gcc 0.0.1 245.85 OK
r-devel-windows-x86_64 0.0.1 17.00 69.00 86.00 OK
r-patched-linux-x86_64 0.0.1 148.73 30.87 179.60 OK
r-release-linux-x86_64 0.0.1 147.32 30.64 177.96 OK
r-release-macos-arm64 0.0.1 19.00 NOTE
r-release-macos-x86_64 0.0.1 25.00 NOTE
r-release-windows-x86_64 0.0.1 19.00 71.00 90.00 OK
r-oldrel-macos-arm64 0.0.1 22.00 NOTE
r-oldrel-macos-x86_64 0.0.1 33.00 NOTE
r-oldrel-windows-ix86+x86_64 0.0.1 16.00 70.00 86.00 OK

Check Details

Version: 0.0.1
Check: installed package size
Result: NOTE
     installed size is 6.3Mb
     sub-directories of 1Mb or more:
     libs 6.2Mb
Flavors: r-release-macos-arm64, r-release-macos-x86_64, r-oldrel-macos-arm64, r-oldrel-macos-x86_64