Last updated on 2023-06-09 02:52:30 CEST.
Flavor | Version | Tinstall | Tcheck | Ttotal | Status | Flags |
---|---|---|---|---|---|---|
r-devel-linux-x86_64-debian-clang | 0.0.1 | 207.68 | 22.49 | 230.17 | OK | |
r-devel-linux-x86_64-debian-gcc | 0.0.1 | 179.22 | 17.64 | 196.86 | OK | |
r-devel-linux-x86_64-fedora-clang | 0.0.1 | 295.37 | OK | |||
r-devel-linux-x86_64-fedora-gcc | 0.0.1 | 311.12 | OK | |||
r-devel-windows-x86_64 | 0.0.1 | 15.00 | 63.00 | 78.00 | OK | |
r-patched-linux-x86_64 | 0.0.1 | 204.45 | 21.55 | 226.00 | OK | |
r-release-linux-x86_64 | 0.0.1 | 202.53 | 21.70 | 224.23 | OK | |
r-release-macos-arm64 | 0.0.1 | 85.00 | NOTE | |||
r-release-macos-x86_64 | 0.0.1 | 80.00 | NOTE | |||
r-release-windows-x86_64 | 0.0.1 | 17.00 | 65.00 | 82.00 | OK | |
r-oldrel-macos-arm64 | 0.0.1 | 165.00 | NOTE | |||
r-oldrel-macos-x86_64 | 0.0.1 | 25.00 | NOTE | |||
r-oldrel-windows-x86_64 | 0.0.1 | 10.00 | 62.00 | 72.00 | OK |
Version: 0.0.1
Check: installed package size
Result: NOTE
installed size is 6.6Mb
sub-directories of 1Mb or more:
libs 6.6Mb
Flavors: r-release-macos-arm64, r-release-macos-x86_64, r-oldrel-macos-arm64, r-oldrel-macos-x86_64