CRAN Package Check Results for Package yonder

Last updated on 2022-05-18 01:50:07 CEST.

Flavor Version Tinstall Tcheck Ttotal Status Flags
r-devel-linux-x86_64-debian-clang 0.2.0 6.01 70.16 76.17 NOTE
r-devel-linux-x86_64-debian-gcc 0.2.0 5.30 53.96 59.26 NOTE
r-devel-linux-x86_64-fedora-clang 0.2.0 95.47 NOTE
r-devel-linux-x86_64-fedora-gcc 0.2.0 90.65 NOTE
r-devel-windows-x86_64 0.2.0 50.00 92.00 142.00 NOTE
r-patched-linux-x86_64 0.2.0 12.17 67.19 79.36 NOTE
r-release-linux-x86_64 0.2.0 5.56 67.10 72.66 NOTE
r-release-macos-arm64 0.2.0 26.00 NOTE
r-release-macos-x86_64 0.2.0 51.00 NOTE
r-release-windows-x86_64 0.2.0 54.00 94.00 148.00 NOTE
r-oldrel-macos-arm64 0.2.0 33.00 NOTE
r-oldrel-macos-x86_64 0.2.0 50.00 NOTE
r-oldrel-windows-ix86+x86_64 0.2.0 17.00 88.00 105.00 NOTE

Check Details

Version: 0.2.0
Check: LazyData
Result: NOTE
     'LazyData' is specified without a 'data' directory
Flavors: r-devel-linux-x86_64-debian-clang, r-devel-linux-x86_64-debian-gcc, r-devel-linux-x86_64-fedora-clang, r-devel-linux-x86_64-fedora-gcc, r-devel-windows-x86_64, r-patched-linux-x86_64, r-release-linux-x86_64, r-release-macos-arm64, r-release-macos-x86_64, r-release-windows-x86_64, r-oldrel-macos-arm64, r-oldrel-macos-x86_64, r-oldrel-windows-ix86+x86_64