CRAN Package Check Results for Package yonder

Last updated on 2021-11-28 03:54:25 CET.

Flavor Version Tinstall Tcheck Ttotal Status Flags
r-devel-linux-x86_64-debian-clang 0.2.0 NOTE
r-devel-linux-x86_64-debian-gcc 0.2.0 4.89 41.39 46.28 NOTE
r-devel-linux-x86_64-fedora-clang 0.2.0 83.16 NOTE
r-devel-linux-x86_64-fedora-gcc 0.2.0 72.22 NOTE
r-devel-windows-x86_64-new-UL 0.2.0 20.00 99.00 119.00 NOTE
r-devel-windows-x86_64-new-TK 0.2.0 NOTE
r-devel-windows-x86_64-old 0.2.0 9.00 87.00 96.00 NOTE
r-patched-linux-x86_64 0.2.0 11.36 52.22 63.58 NOTE
r-patched-solaris-x86 0.2.0 102.80 NOTE
r-release-linux-x86_64 0.2.0 NOTE
r-release-macos-arm64 0.2.0 NOTE
r-release-macos-x86_64 0.2.0 NOTE
r-release-windows-ix86+x86_64 0.2.0 14.00 63.00 77.00 NOTE
r-oldrel-macos-x86_64 0.2.0 OK
r-oldrel-windows-ix86+x86_64 0.2.0 11.00 82.00 93.00 OK

Check Details

Version: 0.2.0
Check: LazyData
Result: NOTE
     'LazyData' is specified without a 'data' directory
Flavors: r-devel-linux-x86_64-debian-clang, r-devel-linux-x86_64-debian-gcc, r-devel-linux-x86_64-fedora-clang, r-devel-linux-x86_64-fedora-gcc, r-devel-windows-x86_64-new-UL, r-devel-windows-x86_64-new-TK, r-devel-windows-x86_64-old, r-patched-linux-x86_64, r-patched-solaris-x86, r-release-linux-x86_64, r-release-macos-arm64, r-release-macos-x86_64, r-release-windows-ix86+x86_64