CRAN Package Check Results for Package yotover

Last updated on 2021-04-17 00:48:30 CEST.

Flavor Version Tinstall Tcheck Ttotal Status Flags
r-devel-linux-x86_64-debian-clang 0.3.5 9.60 90.66 100.26 NOTE
r-devel-linux-x86_64-debian-gcc 0.3.5 7.28 67.94 75.22 NOTE
r-devel-linux-x86_64-fedora-clang 0.3.5 125.22 NOTE
r-devel-linux-x86_64-fedora-gcc 0.3.5 115.34 NOTE
r-devel-windows-ix86+x86_64 0.3.5 24.00 98.00 122.00 NOTE
r-devel-windows-x86_64-gcc10-UCRT 0.3.5 NOTE
r-patched-linux-x86_64 0.3.5 9.56 84.20 93.76 OK
r-patched-solaris-x86 0.3.5 161.00 NOTE
r-release-linux-x86_64 0.3.5 9.37 84.78 94.15 OK
r-release-macos-x86_64 0.3.5 NOTE
r-release-windows-ix86+x86_64 0.3.5 31.00 117.00 148.00 OK
r-oldrel-macos-x86_64 0.3.5 ERROR
r-oldrel-windows-ix86+x86_64 0.3.2 36.00 102.00 138.00 OK

Check Details

Version: 0.3.5
Check: LazyData
Result: NOTE
     'LazyData' is specified without a 'data' directory
Flavors: r-devel-linux-x86_64-debian-clang, r-devel-linux-x86_64-debian-gcc, r-devel-linux-x86_64-fedora-clang, r-devel-linux-x86_64-fedora-gcc, r-devel-windows-ix86+x86_64, r-devel-windows-x86_64-gcc10-UCRT

Version: 0.3.5
Check: dependencies in R code
Result: NOTE
    Namespaces in Imports field not imported from:
     ‘Matrix’ ‘dbplyr’ ‘ggplot2’ ‘magrittr’ ‘tidyr’
     All declared Imports should be used.
Flavors: r-devel-linux-x86_64-fedora-clang, r-devel-linux-x86_64-fedora-gcc, r-devel-windows-x86_64-gcc10-UCRT, r-patched-solaris-x86, r-release-macos-x86_64

Version: 0.3.5
Check: whether package can be installed
Result: ERROR
    Installation failed.
Flavor: r-oldrel-macos-x86_64