Last updated on 2022-05-24 03:55:26 CEST.
Flavor | Version | Tinstall | Tcheck | Ttotal | Status | Flags |
---|---|---|---|---|---|---|
r-devel-linux-x86_64-debian-clang | 1.1.0 | 35.56 | 95.15 | 130.71 | OK | |
r-devel-linux-x86_64-debian-gcc | 1.1.0 | 29.66 | 73.10 | 102.76 | OK | |
r-devel-linux-x86_64-fedora-clang | 1.1.0 | 165.89 | NOTE | |||
r-devel-linux-x86_64-fedora-gcc | 1.1.0 | 152.00 | NOTE | |||
r-devel-windows-x86_64 | 1.1.0 | 45.00 | 98.00 | 143.00 | OK | |
r-patched-linux-x86_64 | 1.1.0 | 37.21 | 91.36 | 128.57 | OK | |
r-release-linux-x86_64 | 1.1.0 | OK | ||||
r-release-macos-arm64 | 1.1.0 | 66.00 | NOTE | |||
r-release-macos-x86_64 | 1.1.0 | 106.00 | NOTE | |||
r-release-windows-x86_64 | 1.1.0 | 41.00 | 99.00 | 140.00 | OK | |
r-oldrel-macos-arm64 | 1.1.0 | 93.00 | NOTE | |||
r-oldrel-macos-x86_64 | 1.1.0 | 78.00 | NOTE | |||
r-oldrel-windows-ix86+x86_64 | 1.1.0 | 74.00 | 97.00 | 171.00 | OK |
Version: 1.1.0
Check: dependencies in R code
Result: NOTE
Namespace in Imports field not imported from: ‘spelling’
All declared Imports should be used.
Flavors: r-devel-linux-x86_64-fedora-clang, r-devel-linux-x86_64-fedora-gcc, r-release-macos-arm64, r-release-macos-x86_64, r-oldrel-macos-arm64, r-oldrel-macos-x86_64