Last updated on 2023-10-01 06:53:23 CEST.
Flavor | Version | Tinstall | Tcheck | Ttotal | Status | Flags |
---|---|---|---|---|---|---|
r-devel-linux-x86_64-debian-clang | 2.0.0 | 4.97 | 58.21 | 63.18 | OK | |
r-devel-linux-x86_64-debian-gcc | 2.0.0 | 4.43 | 44.57 | 49.00 | OK | |
r-devel-linux-x86_64-fedora-clang | 2.0.0 | 85.01 | NOTE | |||
r-devel-linux-x86_64-fedora-gcc | 2.0.0 | 95.92 | NOTE | |||
r-devel-windows-x86_64 | 2.0.0 | 6.00 | 79.00 | 85.00 | OK | |
r-patched-linux-x86_64 | 2.0.0 | 3.65 | 56.32 | 59.97 | OK | |
r-release-linux-x86_64 | 2.0.0 | 3.54 | 56.97 | 60.51 | OK | |
r-release-macos-arm64 | 2.0.0 | 45.00 | OK | |||
r-release-macos-x86_64 | 2.0.0 | 75.00 | OK | |||
r-release-windows-x86_64 | 2.0.0 | 8.00 | 83.00 | 91.00 | OK | |
r-oldrel-macos-arm64 | 2.0.0 | 36.00 | OK | |||
r-oldrel-macos-x86_64 | 2.0.0 | 47.00 | OK | |||
r-oldrel-windows-x86_64 | 2.0.0 | 8.00 | 88.00 | 96.00 | OK |
Version: 2.0.0
Check: data for non-ASCII characters
Result: NOTE
Note: found 76 marked UTF-8 strings
Flavors: r-devel-linux-x86_64-fedora-clang, r-devel-linux-x86_64-fedora-gcc