CRAN Package Check Results for Package zdeskR

Last updated on 2021-02-25 04:47:18 CET.

Flavor Version Tinstall Tcheck Ttotal Status Flags
r-devel-linux-x86_64-debian-clang 0.1.0 4.71 44.85 49.56 OK
r-devel-linux-x86_64-debian-gcc 0.1.0 3.54 33.57 37.11 OK
r-devel-linux-x86_64-fedora-clang 0.1.0 68.55 NOTE
r-devel-linux-x86_64-fedora-gcc 0.1.0 54.65 NOTE
r-devel-windows-ix86+x86_64 0.1.0 9.00 46.00 55.00 OK
r-patched-linux-x86_64 0.1.0 3.99 41.61 45.60 OK
r-patched-solaris-x86 0.1.0 79.50 NOTE
r-release-linux-x86_64 0.1.0 4.58 39.82 44.40 OK
r-release-macos-x86_64 0.1.0 NOTE
r-release-windows-ix86+x86_64 0.1.0 13.00 61.00 74.00 OK
r-oldrel-macos-x86_64 0.1.0 NOTE
r-oldrel-windows-ix86+x86_64 0.1.0 8.00 62.00 70.00 OK

Check Details

Version: 0.1.0
Check: dependencies in R code
Result: NOTE
    Namespaces in Imports field not imported from:
     ‘tibble’ ‘tidyselect’
     All declared Imports should be used.
Flavors: r-devel-linux-x86_64-fedora-clang, r-devel-linux-x86_64-fedora-gcc, r-patched-solaris-x86, r-release-macos-x86_64, r-oldrel-macos-x86_64