CRAN Package Check Results for Package zdeskR

Last updated on 2021-06-21 04:54:26 CEST.

Flavor Version Tinstall Tcheck Ttotal Status Flags
r-devel-linux-x86_64-debian-clang 0.1.1 4.91 45.78 50.69 OK
r-devel-linux-x86_64-debian-gcc 0.1.1 4.07 34.17 38.24 OK
r-devel-linux-x86_64-fedora-clang 0.1.1 69.07 OK
r-devel-linux-x86_64-fedora-gcc 0.1.1 56.90 OK
r-devel-windows-x86_64 0.1.1 9.00 62.00 71.00 OK
r-devel-windows-x86_64-gcc10-UCRT 0.1.1 ERROR
r-patched-linux-x86_64 0.1.1 4.73 42.34 47.07 OK
r-patched-solaris-x86 0.1.1 83.00 OK
r-release-linux-x86_64 0.1.1 3.69 42.23 45.92 OK
r-release-macos-arm64 0.1.1 OK
r-release-macos-x86_64 0.1.1 OK
r-release-windows-ix86+x86_64 0.1.1 14.00 48.00 62.00 OK
r-oldrel-macos-x86_64 0.1.1 OK
r-oldrel-windows-ix86+x86_64 0.1.1 9.00 0.00 9.00 OK

Check Details

Version: 0.1.1
Check: package dependencies
Result: ERROR
    Package required but not available: 'httr'
    
    See section 'The DESCRIPTION file' in the 'Writing R Extensions'
    manual.
Flavor: r-devel-windows-x86_64-gcc10-UCRT