CRAN Package Check Results for Package zendeskR

Last updated on 2021-09-16 23:50:14 CEST.

Flavor Version Tinstall Tcheck Ttotal Status Flags
r-devel-linux-x86_64-debian-clang 0.4 2.75 30.23 32.98 NOTE
r-devel-linux-x86_64-debian-gcc 0.4 2.15 23.79 25.94 NOTE
r-devel-linux-x86_64-fedora-clang 0.4 47.17 NOTE
r-devel-linux-x86_64-fedora-gcc 0.4 36.15 NOTE
r-devel-windows-x86_64 0.4 5.00 35.00 40.00 NOTE
r-devel-windows-x86_64-gcc10-UCRT 0.4 NOTE
r-patched-linux-x86_64 0.4 2.67 29.40 32.07 NOTE
r-patched-solaris-x86 0.4 61.10 NOTE
r-release-linux-x86_64 0.4 2.68 29.43 32.11 NOTE
r-release-macos-arm64 0.4 NOTE
r-release-macos-x86_64 0.4 NOTE
r-release-windows-ix86+x86_64 0.4 7.00 36.00 43.00 NOTE
r-oldrel-macos-x86_64 0.4 NOTE
r-oldrel-windows-ix86+x86_64 0.4 7.00 47.00 54.00 NOTE

Check Details

Version: 0.4
Check: DESCRIPTION meta-information
Result: NOTE
    Malformed Description field: should contain one or more complete sentences.
Flavors: r-devel-linux-x86_64-debian-clang, r-devel-linux-x86_64-debian-gcc, r-devel-linux-x86_64-fedora-clang, r-devel-linux-x86_64-fedora-gcc, r-devel-windows-x86_64, r-devel-windows-x86_64-gcc10-UCRT, r-patched-linux-x86_64, r-patched-solaris-x86, r-release-linux-x86_64, r-release-macos-arm64, r-release-macos-x86_64, r-release-windows-ix86+x86_64, r-oldrel-macos-x86_64, r-oldrel-windows-ix86+x86_64