CRAN Package Check Results for Package zendeskR

Last updated on 2020-03-30 19:49:42 CEST.

Flavor Version Tinstall Tcheck Ttotal Status Flags
r-devel-linux-x86_64-debian-clang 0.4 3.01 25.90 28.91 NOTE
r-devel-linux-x86_64-debian-gcc 0.4 2.42 21.02 23.44 NOTE
r-devel-linux-x86_64-fedora-clang 0.4 35.98 NOTE
r-devel-linux-x86_64-fedora-gcc 0.4 34.88 NOTE
r-devel-windows-ix86+x86_64 0.4 6.00 59.00 65.00 NOTE
r-devel-windows-ix86+x86_64-gcc8 0.4 6.00 39.00 45.00 NOTE
r-patched-linux-x86_64 0.4 2.79 25.36 28.15 NOTE
r-patched-solaris-x86 0.4 58.40 NOTE
r-release-linux-x86_64 0.4 2.47 23.48 25.95 NOTE
r-release-windows-ix86+x86_64 0.4 5.00 36.00 41.00 NOTE
r-release-osx-x86_64 0.4 NOTE
r-oldrel-windows-ix86+x86_64 0.4 3.00 33.00 36.00 NOTE
r-oldrel-osx-x86_64 0.4 NOTE

Check Details

Version: 0.4
Check: DESCRIPTION meta-information
Result: NOTE
    Malformed Description field: should contain one or more complete sentences.
Flavors: r-devel-linux-x86_64-debian-clang, r-devel-linux-x86_64-debian-gcc, r-devel-linux-x86_64-fedora-clang, r-devel-linux-x86_64-fedora-gcc, r-devel-windows-ix86+x86_64, r-devel-windows-ix86+x86_64-gcc8, r-patched-linux-x86_64, r-patched-solaris-x86, r-release-linux-x86_64, r-release-windows-ix86+x86_64, r-release-osx-x86_64, r-oldrel-windows-ix86+x86_64, r-oldrel-osx-x86_64