CRAN Package Check Results for Package zendeskR

Last updated on 2022-08-11 03:52:23 CEST.

Flavor Version Tinstall Tcheck Ttotal Status Flags
r-devel-linux-x86_64-debian-clang 0.4 3.31 30.31 33.62 NOTE
r-devel-linux-x86_64-debian-gcc 0.4 2.49 23.32 25.81 NOTE
r-devel-linux-x86_64-fedora-clang 0.4 51.93 NOTE
r-devel-linux-x86_64-fedora-gcc 0.4 49.37 NOTE
r-devel-windows-x86_64 0.4 17.00 54.00 71.00 NOTE
r-patched-linux-x86_64 0.4 2.90 29.50 32.40 NOTE
r-release-linux-x86_64 0.4 NOTE
r-release-macos-arm64 0.4 18.00 NOTE
r-release-macos-x86_64 0.4 24.00 NOTE
r-release-windows-x86_64 0.4 10.00 53.00 63.00 NOTE
r-oldrel-macos-arm64 0.4 21.00 NOTE
r-oldrel-macos-x86_64 0.4 28.00 NOTE
r-oldrel-windows-ix86+x86_64 0.4 15.00 51.00 66.00 NOTE

Check Details

Version: 0.4
Check: DESCRIPTION meta-information
Result: NOTE
    Malformed Description field: should contain one or more complete sentences.
Flavors: r-devel-linux-x86_64-debian-clang, r-devel-linux-x86_64-debian-gcc, r-devel-linux-x86_64-fedora-clang, r-devel-linux-x86_64-fedora-gcc, r-devel-windows-x86_64, r-patched-linux-x86_64, r-release-linux-x86_64, r-release-macos-arm64, r-release-macos-x86_64, r-release-windows-x86_64, r-oldrel-macos-arm64, r-oldrel-macos-x86_64, r-oldrel-windows-ix86+x86_64