CRAN Package Check Results for Package zendeskR

Last updated on 2024-02-24 09:50:45 CET.

Flavor Version Tinstall Tcheck Ttotal Status Flags
r-devel-linux-x86_64-debian-clang 0.4 2.88 30.03 32.91 NOTE
r-devel-linux-x86_64-debian-gcc 0.4 2.57 23.65 26.22 NOTE
r-devel-linux-x86_64-fedora-clang 0.4 41.44 NOTE
r-devel-linux-x86_64-fedora-gcc 0.4 38.86 NOTE
r-devel-windows-x86_64 0.4 3.00 46.00 49.00 NOTE
r-patched-linux-x86_64 0.4 2.60 30.07 32.67 NOTE
r-release-linux-x86_64 0.4 2.85 29.70 32.55 NOTE
r-release-macos-arm64 0.4 18.00 NOTE
r-release-macos-x86_64 0.4 27.00 NOTE
r-release-windows-x86_64 0.4 5.00 46.00 51.00 NOTE
r-oldrel-macos-arm64 0.4 18.00 NOTE
r-oldrel-windows-x86_64 0.4 4.00 54.00 58.00 NOTE

Check Details

Version: 0.4
Check: DESCRIPTION meta-information
Result: NOTE Malformed Description field: should contain one or more complete sentences. Flavors: r-devel-linux-x86_64-debian-clang, r-devel-linux-x86_64-debian-gcc, r-devel-linux-x86_64-fedora-clang, r-devel-linux-x86_64-fedora-gcc, r-devel-windows-x86_64, r-patched-linux-x86_64, r-release-linux-x86_64, r-release-macos-arm64, r-release-macos-x86_64, r-release-windows-x86_64, r-oldrel-macos-arm64, r-oldrel-windows-x86_64