CRAN Package Check Results for Package zenplots

Last updated on 2020-02-20 09:49:13 CET.

Flavor Version Tinstall Tcheck Ttotal Status Flags
r-devel-linux-x86_64-debian-clang 1.0.0 15.07 116.42 131.49 OK
r-devel-linux-x86_64-debian-gcc 1.0.0 10.83 87.82 98.65 OK
r-devel-linux-x86_64-fedora-clang 1.0.0 191.57 OK
r-devel-linux-x86_64-fedora-gcc 1.0.0 162.06 OK
r-devel-windows-ix86+x86_64 1.0.0 22.00 207.00 229.00 OK
r-devel-windows-ix86+x86_64-gcc8 1.0.0 35.00 192.00 227.00 OK
r-patched-linux-x86_64 1.0.0 12.40 104.48 116.88 OK
r-patched-solaris-x86 1.0.0 219.00 OK
r-release-linux-x86_64 1.0.0 12.92 105.17 118.09 OK
r-release-windows-ix86+x86_64 1.0.0 20.00 198.00 218.00 OK
r-release-osx-x86_64 1.0.0 ERROR
r-oldrel-windows-ix86+x86_64 1.0.0 16.00 189.00 205.00 OK
r-oldrel-osx-x86_64 1.0.0 OK

Check Details

Version: 1.0.0
Check: whether package can be installed
Result: ERROR
    Installation failed.
Flavor: r-release-osx-x86_64